{"id":12260,"date":"2026-02-03T04:08:26","date_gmt":"2026-02-03T03:08:26","guid":{"rendered":"https:\/\/shop.wagenthaler.com\/produkt\/kw-v3-leveling-fahrwerk-fuer-bmw-3er-f30-f80-3-hy-3l-m3-m3-gts-11-2011-10-2018\/"},"modified":"2026-04-03T05:11:46","modified_gmt":"2026-04-03T03:11:46","slug":"kw-v3-leveling-fahrwerk-fuer-bmw-3er-f30-f80-3-hy-3l-m3-m3-gts-11-2011-10-2018","status":"publish","type":"product","link":"https:\/\/wagenthaler.com\/shop\/kw-v3-leveling-fahrwerk-fuer-bmw-3er-f30-f80-3-hy-3l-m3-m3-gts-11-2011-10-2018\/","title":{"rendered":"KW V3 Leveling Fahrwerk f\u00fcr BMW 3er (F30, F80) 3-HY, 3L, M3, M3 GTS 11\/2011-10\/2018"},"content":{"rendered":"<p><b>Man sieht es nicht \u2013 man SP\u00dcRT ES!<\/b><\/p>\n<p>Die KW Leveling-Fahrwerke sind ideal f\u00fcr Autofahrer, die nach keiner maximalen Tieferlegung suchen, sondern die Fahrdynamik und Fahrkomfort eines KW Gewindefahrwerks in Verbindung mit der nahezu originalen Serienbodenfreiheit suchen.<\/p>\n<p>Bei dem KW V3 Leveling liegt die Kombination einer gesteigerten Fahrdynamik und Fahrkomfort in Verbindung mit einer minimalen Tiefer- oder auf Wunsch H\u00f6herlegung im Vordergrund. Das KW V3 Leveling ist das idealen Nachr\u00fcstfahrwerk f\u00fcr Vielfahrer auf schlecht ausgebauten Nebenstrecken oder Fahrer, die ihren Wagen haupts\u00e4chlich in Metropolen und Ballungsgebieten mit zahlreichen Temposchwellen nutzen. Die progressiven Fahrwerkfedern sind ihrer Federkonstante deutlich auf ein Plus an Fahrkomfort ausgelegt. Dementsprechend verf\u00fcgt das KW V3 Leveling \u00fcber eine einstellbare, komfortorientierte D\u00e4mpfergrundabstimmung. Bei Bedarf erm\u00f6glichen das KW Leveling eine angepasste Niveuregulierung im bereich von + 5 \u2013 20 mm.<\/p>\n<p>Das KW V3 Leveling ist die ideale Nachr\u00fcstm\u00f6glichkeit f\u00fcr Autofahrer, die gro\u00dfen Wert auf Alltagstauglichkeit, gesteigerten Abrollkomfort und ein Plus an Sportlichkeit suchen. Die separat in Druck- und Zugstufe einstellbaren D\u00e4mpfer mit ihrer \u201eTVR-A\u201c- und \u201eTVC-A\u201c-Technologie erlauben eine umfangreiche D\u00e4mpferabstimmung vorzunehmen. So ist es ein Leichtes das Einlenkverhalten, die Spurtreue, den Reifengrip und Handling-Eigenschaften ma\u00dfgeblich f\u00fcr eine sichere Kontrollierbarkeit im Grenzbereich und f\u00fcr einen gesteigerten Fahrkomfort zus\u00e4tzlich zu beeinflussen.<\/p>\n<p>&#8211; in Zug- und Druckd\u00e4mpfung frei einstellbare D\u00e4mpfungstechnik<br \/>&#8211; Edelstahltechnik inox-line<br \/>&#8211; individuelle stufenlose Niveauregulierung<br \/>&#8211; gepr\u00fcfter Verstellbereich<br \/>&#8211; hochwertige Bauteile f\u00fcr lange Lebensdauer<br \/>&#8211; einstellbare Zugstufend\u00e4mpfung mit 16 exakten Klicks<br \/>&#8211; 12-fach einstellbare Druckstufend\u00e4mpfung mit Klickverstellung<br \/>&#8211; einzigartige, unabh\u00e4ngig voneinander wirkende D\u00e4mpfungskraftverstellung<\/p>\n","protected":false},"excerpt":{"rendered":"<p>Maximale Performance im <strong>BMW<\/strong>. Pr\u00e4zises Handling, voll einstellbar.<\/p>\n<ul class='kw-specs'>\n<li><strong>Material:<\/strong> Edelstahl<\/li>\n<\/ul>\n<p><em>Jetzt konfigurieren!<\/em><\/p>\n","protected":false},"featured_media":4484,"comment_status":"open","ping_status":"closed","template":"","meta":[],"product_brand":[],"product_cat":[17,949],"product_tag":[],"class_list":{"0":"post-12260","1":"product","2":"type-product","3":"status-publish","4":"has-post-thumbnail","6":"product_cat-bmw","7":"product_cat-kw-fahrwerk","9":"first","10":"onbackorder","11":"taxable","12":"shipping-taxable","13":"purchasable","14":"product-type-variable"},"_links":{"self":[{"href":"https:\/\/wagenthaler.com\/shop\/wp-json\/wp\/v2\/product\/12260","targetHints":{"allow":["GET"]}}],"collection":[{"href":"https:\/\/wagenthaler.com\/shop\/wp-json\/wp\/v2\/product"}],"about":[{"href":"https:\/\/wagenthaler.com\/shop\/wp-json\/wp\/v2\/types\/product"}],"replies":[{"embeddable":true,"href":"https:\/\/wagenthaler.com\/shop\/wp-json\/wp\/v2\/comments?post=12260"}],"wp:featuredmedia":[{"embeddable":true,"href":"https:\/\/wagenthaler.com\/shop\/wp-json\/wp\/v2\/media\/4484"}],"wp:attachment":[{"href":"https:\/\/wagenthaler.com\/shop\/wp-json\/wp\/v2\/media?parent=12260"}],"wp:term":[{"taxonomy":"product_brand","embeddable":true,"href":"https:\/\/wagenthaler.com\/shop\/wp-json\/wp\/v2\/product_brand?post=12260"},{"taxonomy":"product_cat","embeddable":true,"href":"https:\/\/wagenthaler.com\/shop\/wp-json\/wp\/v2\/product_cat?post=12260"},{"taxonomy":"product_tag","embeddable":true,"href":"https:\/\/wagenthaler.com\/shop\/wp-json\/wp\/v2\/product_tag?post=12260"}],"curies":[{"name":"wp","href":"https:\/\/api.w.org\/{rel}","templated":true}]}}