{"id":13324,"date":"2026-02-03T04:28:44","date_gmt":"2026-02-03T03:28:44","guid":{"rendered":"https:\/\/shop.wagenthaler.com\/produkt\/kw-v4-clubsport-gewindefahrwerk-fuer-bmw-3er-g20-g80-g3l-11-2018\/"},"modified":"2026-04-03T05:16:36","modified_gmt":"2026-04-03T03:16:36","slug":"kw-v4-clubsport-gewindefahrwerk-fuer-bmw-3er-g20-g80-g3l-11-2018","status":"publish","type":"product","link":"https:\/\/wagenthaler.com\/shop\/kw-v4-clubsport-gewindefahrwerk-fuer-bmw-3er-g20-g80-g3l-11-2018\/","title":{"rendered":"KW V4 Clubsport Gewindefahrwerk f\u00fcr BMW 3er (G20, G80) G3L 11\/2018-"},"content":{"rendered":"<p>Du suchst maximale Kontrolle, Feedback mit Pr\u00e4zision und kompromisslose Performance? Dann ist das stra\u00dfenzugelassene KW V4 Clubsport dein Werkzeug. Entwickelt auf einer der h\u00e4rtesten Rennstrecken der Welt \u2013 der N\u00fcrburgring Nordschleife \u2013 bringt dieses Fahrwerk f\u00fcr Stra\u00dfe und Track echtes Motorsport-Engineering in dein Tracktool.<\/p>\n<p>Geboren auf der Nordschleife. Gebaut f\u00fcr dich.<\/p>\n<p>Jede Komponente und jede Klickverstellung am KW V4 Clubsport hat das Ziel, dir die volle Kontrolle \u00fcber dein Fahrzeug zu geben. Ob beim Trackday, Touristenfahrten oder sportlichen Fahrten auf der Landstra\u00dfe \u2013 mit diesem Fahrwerk holst du alles aus deinem Auto heraus.<\/p>\n<p>Das fahrzeugspezifische Grundsetup, mit dem wir dein V4 Clubsport ausliefern, ist bereits ideal f\u00fcr die Herausforderungen der Nordschleife ausgelegt: Sprungh\u00fcgel, Curbs und Schikanen. Du erh\u00e4ltst von KW suspensions ein Setup, das auf Performance getrimmt ist.<\/p>\n<p><b>3-fach einstellbar und 100 % individuell<\/b><\/p>\n<p>Das KW V4 Clubsport Gewindefahrwerk (fr\u00fcher: KW Clubsport 3-fach) nutzt die patentierte KW 2-Ventil D\u00e4mpfertechnologie: <\/p>\n<li><b>Zugstufe: <\/b> 16 Klicks f\u00fcr sp\u00fcrbare Anpassung der D\u00e4mpferh\u00e4rte<\/li>\n<li><b>Druckstufe Lowspeed: <\/b> 6 Klicks<\/li>\n<li><b>Druckstufe Highspeed: <\/b> 14 Klicks<\/li>\n<p>Die Verstellung erfolgt direkt am Produkt und v\u00f6llig intuitiv mithilfe der markanten lilafarbenen und goldenen Einstellr\u00e4dchen direkt am Ausgleichsbeh\u00e4lter. Dadurch passt du das D\u00e4mpfersetup ideal auf die Radlasten, das Gewicht und eine wom\u00f6glich ge\u00e4nderte Karosseriesteifigkeit (z.B. durch verschraubte K\u00e4fige, Zellen) an. <\/p>\n<p><b>Optionale Features f\u00fcr die besten Rundenzeiten<\/b><\/p>\n<li><b>Aluminium-Uniball-St\u00fctzlager<\/b> f\u00fcr pr\u00e4zise Radf\u00fchrung mit maximalem Grip<\/li>\n<li><b>Upside-Down Bauweise<\/b> f\u00fcr h\u00f6here Querkr\u00e4fte (modellabh\u00e4ngig)<\/li>\n<li><b>Stufenlose Tieferlegung<\/b> im gepr\u00fcften Verstellbereich<\/li>\n<li><b>Hochwertige Komponenten<\/b> f\u00fcr extreme Belastbarkeit und lange Lebensdauer<\/li>\n<li><b>Mit Stra\u00dfenzulassung (Teilegutachten)<\/b> \u2013 legal auf der Stra\u00dfe, erbarmungslos auf der Rennstrecke<\/li>\n<p><b>Warum f\u00fcr KW suspensions entscheiden?<\/b><\/p>\n<p>Wir sind der Marktf\u00fchrer mit Manufaktur-Charakter: Bei uns wird nichts auf Halde produziert. Jedes KW V4 Clubsport fertigen wir individuell f\u00fcr dein Auto. Mit modernster Technik, echter Handarbeit und der Expertise aus jahrzehntelanger Erfahrung im Motorsport. Das Ergebnis: Ein Fahrwerk, das sich anf\u00fchlt wie f\u00fcr dich gemacht \u2013 weil es genau das ist. <\/p>\n<p><b>Einsatzbereich und Setup-M\u00f6glichkeiten<\/b><\/p>\n<li>Optimal ausgelegt f\u00fcr Trackdays auf der Rennstrecke<\/li>\n<li>Perfekt abstimmbar auf Semi-Slicks, Fahrzeuggewicht oder deinen pers\u00f6nlichen Fahrstil<\/li>\n<li>Problemlos und legal auf der \u00f6ffentlichen Stra\u00dfe einsetzbar<\/li>\n","protected":false},"excerpt":{"rendered":"<p>Maximale Performance im <strong>BMW<\/strong>. Pr\u00e4zises Handling, voll einstellbar.<\/p>\n<ul class='kw-specs'>\n<li><strong>Tieferlegung:<\/strong> VA 40-60mm \/ HA 40-60 mm<\/li>\n<li><strong>Material:<\/strong> VA: Stahl verzinkt \/ HA: Aluminium<\/li>\n<\/ul>\n<p><em>Jetzt konfigurieren!<\/em><\/p>\n","protected":false},"featured_media":9645,"comment_status":"open","ping_status":"closed","template":"","meta":[],"product_brand":[],"product_cat":[17,949],"product_tag":[],"class_list":{"0":"post-13324","1":"product","2":"type-product","3":"status-publish","4":"has-post-thumbnail","6":"product_cat-bmw","7":"product_cat-kw-fahrwerk","9":"first","10":"onbackorder","11":"taxable","12":"shipping-taxable","13":"purchasable","14":"product-type-variable"},"_links":{"self":[{"href":"https:\/\/wagenthaler.com\/shop\/wp-json\/wp\/v2\/product\/13324","targetHints":{"allow":["GET"]}}],"collection":[{"href":"https:\/\/wagenthaler.com\/shop\/wp-json\/wp\/v2\/product"}],"about":[{"href":"https:\/\/wagenthaler.com\/shop\/wp-json\/wp\/v2\/types\/product"}],"replies":[{"embeddable":true,"href":"https:\/\/wagenthaler.com\/shop\/wp-json\/wp\/v2\/comments?post=13324"}],"wp:featuredmedia":[{"embeddable":true,"href":"https:\/\/wagenthaler.com\/shop\/wp-json\/wp\/v2\/media\/9645"}],"wp:attachment":[{"href":"https:\/\/wagenthaler.com\/shop\/wp-json\/wp\/v2\/media?parent=13324"}],"wp:term":[{"taxonomy":"product_brand","embeddable":true,"href":"https:\/\/wagenthaler.com\/shop\/wp-json\/wp\/v2\/product_brand?post=13324"},{"taxonomy":"product_cat","embeddable":true,"href":"https:\/\/wagenthaler.com\/shop\/wp-json\/wp\/v2\/product_cat?post=13324"},{"taxonomy":"product_tag","embeddable":true,"href":"https:\/\/wagenthaler.com\/shop\/wp-json\/wp\/v2\/product_tag?post=13324"}],"curies":[{"name":"wp","href":"https:\/\/api.w.org\/{rel}","templated":true}]}}