{"id":2078,"date":"2026-01-27T02:42:06","date_gmt":"2026-01-27T01:42:06","guid":{"rendered":"https:\/\/shop.wagenthaler.com\/produkt\/import\/"},"modified":"2026-02-05T15:12:55","modified_gmt":"2026-02-05T14:12:55","slug":"akrapovic-slip-on-race-line-titan-fuer-porsche-718-cayman-gt4-rs-spyder-rs","status":"publish","type":"product","link":"https:\/\/wagenthaler.com\/shop\/akrapovic-slip-on-race-line-titan-fuer-porsche-718-cayman-gt4-rs-spyder-rs\/","title":{"rendered":"Akrapovi\u010d Slip-On Race Line (Titan) f\u00fcr Porsche 718 Cayman GT4 RS \/ Spyder RS"},"content":{"rendered":"<p>Dieses Produkt ist aus hochwertigem <strong>Titan <\/strong>mit sandgestrahlter Oberfl\u00e4che gefertigt. Zwei Klappen mit Geh\u00e4usen, die in der werkseigenen Gie\u00dferei hergestellt werden, sorgen f\u00fcr einen weichen, satten Klang bei niedrigen Geschwindigkeiten, der bei h\u00f6heren Drehzahlen zu einem \u00e4u\u00dferst sportlichen Sound ansteigt. Das Endrohr hat einen gr\u00f6\u00dferen Durchmesser als die serienm\u00e4\u00dfigen Abgasendrohre. Es besteht aus einer beschichteten Au\u00dfenwand und einer gegossenen Innenwand ohne Beschichtung, die bei Hitze reagiert und eine ansprechende blaue Farbe annimmt. Jedes Endrohr tr\u00e4gt ein lasergraviertes Akrapovi\u010d-Logo.<strong> Leistung und Drehmoment werde<\/strong>n um 5,6 kW (7,6 PS) bei 4.950 U\/min und um 19,3 Nm bei 2.250 U\/min gesteigert, wenn sie auf dem Akrapovi\u010d-Pr\u00fcfstand gegen einen Porsche 718 Cayman GT4 RS mit einem serienm\u00e4\u00dfiger Abgasanlage getestet werden. Das <strong>Gewicht <\/strong>ist um 7,6 kg (44,4 %) geringer als bei der Serienanlage. Diese rennstreckenorientierte Abgasanlage ben\u00f6tigt kein Re-Mapping und wurde ausschlie\u00dflich f\u00fcr den Einsatz auf geschlossenen Rennstrecken entwickelt. Weitere Upgrades der Akrapovi\u010d Slip-On Race Line (Titanium) sind mit dem optionalen Link Pipe Set (Titanium) und dem Evolution Header Set (Titanium) m\u00f6glich, um ein komplettes Akrapovi\u010d Titansystem zu bilden. Der optionale handgefertigte Karbon-Heckdiffusor in matt oder hochgl\u00e4nzend ist ebenfalls erh\u00e4ltlich, um das Ensemble zu vervollst\u00e4ndigen.<\/p>\n<p><strong>Dieses Produkt passt auf OPF- und NON-OPF-Fahrzeuge.<\/strong><\/p>\n<p>DIESES PRODUKT ERF\u00dcLLT NICHT DIE EINZUHALTENDEN ABGASNORMEN IM STRASSENGEBRAUCH<\/p>\n<p><\/br\/><\/p>\n","protected":false},"excerpt":{"rendered":"<p>Dieses Produkt ist aus hochwertigem Titan mit sandgestrahlter Oberfl\u00e4che gefertigt. Zwei Klappen mit Geh\u00e4usen, die in der werkseigenen Gie\u00dferei hergestellt werden, sorgen f\u00fcr einen weichen, satten Klang bei niedrigen Geschwindigkeiten, der bei h\u00f6heren Drehzahlen zu einem \u00e4u\u00dferst sportlichen Sound ansteigt. Das Endrohr hat einen gr\u00f6\u00dferen Durchmesser als die serienm\u00e4\u00dfigen Abgasendrohre. Es besteht aus einer beschichteten [&hellip;]<\/p>\n","protected":false},"featured_media":23747,"comment_status":"open","ping_status":"closed","template":"","meta":[],"product_brand":[],"product_cat":[16,20],"product_tag":[],"class_list":{"0":"post-2078","1":"product","2":"type-product","3":"status-publish","4":"has-post-thumbnail","6":"product_cat-akrapovic-auspuffanlagen","7":"product_cat-porsche","9":"first","10":"outofstock","11":"sale","12":"taxable","13":"shipping-taxable","14":"purchasable","15":"product-type-simple"},"_links":{"self":[{"href":"https:\/\/wagenthaler.com\/shop\/wp-json\/wp\/v2\/product\/2078","targetHints":{"allow":["GET"]}}],"collection":[{"href":"https:\/\/wagenthaler.com\/shop\/wp-json\/wp\/v2\/product"}],"about":[{"href":"https:\/\/wagenthaler.com\/shop\/wp-json\/wp\/v2\/types\/product"}],"replies":[{"embeddable":true,"href":"https:\/\/wagenthaler.com\/shop\/wp-json\/wp\/v2\/comments?post=2078"}],"wp:featuredmedia":[{"embeddable":true,"href":"https:\/\/wagenthaler.com\/shop\/wp-json\/wp\/v2\/media\/23747"}],"wp:attachment":[{"href":"https:\/\/wagenthaler.com\/shop\/wp-json\/wp\/v2\/media?parent=2078"}],"wp:term":[{"taxonomy":"product_brand","embeddable":true,"href":"https:\/\/wagenthaler.com\/shop\/wp-json\/wp\/v2\/product_brand?post=2078"},{"taxonomy":"product_cat","embeddable":true,"href":"https:\/\/wagenthaler.com\/shop\/wp-json\/wp\/v2\/product_cat?post=2078"},{"taxonomy":"product_tag","embeddable":true,"href":"https:\/\/wagenthaler.com\/shop\/wp-json\/wp\/v2\/product_tag?post=2078"}],"curies":[{"name":"wp","href":"https:\/\/api.w.org\/{rel}","templated":true}]}}