{"id":2269,"date":"2026-01-27T02:54:17","date_gmt":"2026-01-27T01:54:17","guid":{"rendered":"https:\/\/shop.wagenthaler.com\/produkt\/import\/"},"modified":"2026-03-02T03:00:01","modified_gmt":"2026-03-02T02:00:01","slug":"akrapovic-slip-on-race-line-titan-fuer-porsche-911-gt3-gt3-touring-992","status":"publish","type":"product","link":"https:\/\/wagenthaler.com\/shop\/akrapovic-slip-on-race-line-titan-fuer-porsche-911-gt3-gt3-touring-992\/","title":{"rendered":"Akrapovi\u010d Slip-On Race Line (Titan) f\u00fcr Porsche 911 GT3 \/ GT3 Touring (992)"},"content":{"rendered":"<p>Dieses System wurde ausschlie\u00dflich f\u00fcr den 911 GT3 (992) entwickelt und ist aus hochwertigem, leichtem <strong>Titan <\/strong>gefertigt, sandgestrahlt und beschichtet, um die Haltbarkeit zu erh\u00f6hen. Das v\u00f6llig neue Design umfasst zwei Endrohre, wobei die \u00e4u\u00dfere H\u00fclle beschichtet und die innere H\u00fclse mit sechs Aufdrucken versehen ist, die auf den Sechszylindermotor abgestimmt sind. Dar\u00fcber hinaus ist ein Akrapovi\u010d-Logo eingraviert, um den optischen Effekt abzurunden. Die Geh\u00e4use der Klappe &#8211; die perfekt auf den Gasfluss abgestimmt sind, um bei normaler Fahrt einen weichen, satten Ton und bei h\u00f6heren Drehzahlen ein sportliches Klangerlebnis zu erzeugen. Diese Geh\u00e4use sowie die Kollektoren im Schalld\u00e4mpfer werden in der Akrapovi\u010d-eigenen Gie\u00dferei gegossen. Durch die Kombination der Slip-On Race Line (Titanium) mit dem Slip-On Race Line Adapter (SS) verringert sich das Gewicht um 20,7 % (3,5 kg) im Vergleich zur Standardanlage, und die Leistung steigt um 6,5 kW (8,8 PS) bei 2.900 U\/min sowie um 24,1 Nm bei 2.400 U\/min, als sie auf dem Akrapovi\u010d-Pr\u00fcfstand im Vergleich zu einem Porsche 911 GT3 (992) mit Serienabgasanlage getestet wurde. Dieses System ist nur f\u00fcr den Einsatz auf geschlossenen Rennstrecken vorgesehen, da es sich um ein rennstreckenorientiertes Zubeh\u00f6rteil handelt. <strong>Ein Re-Mapping <\/strong>der ECU ist nicht erforderlich.<\/p>\n<p><strong>System passt auch bei Fahrzeugen mit Ottopartikelfilter (OPF).<\/strong><\/p>\n<p><strong>Wenn das System mit den serienm\u00e4\u00dfigen F\u00e4cherkr\u00fcmmern montiert wird, ist der P-CP034 Slip-On Race Line Adapter (SS) als Pflichtteil f\u00fcr die Installation erforderlich.<\/strong><\/br\/><\/p>\n<p><strong><br \/>F\u00fcr Kunden, die eine komplette Abgasanlage einbauen m\u00f6chten, muss das E-PO\/T\/7 Evolution Header Set (Titanium) separat bestellt werden.<\/br\/><\/strong><\/p>\n<p><strong><br \/>Bitte beachten Sie, dass das auf den Bildern gezeigte Produkt die Slip-On Race Line (Titanium) in Kombination mit dem Evolution Header Set (Titanium) oder in Kombination mit dem Slip-On Race Line Adapter (SS) dargestellt sind.<\/br\/><\/strong><\/p>\n<p><strong><br \/><\/br\/><\/strong><\/p>\n<p><strong>Bitte beachten Sie, dass Sie eventuell neue originale Porsche V-Klemmen zur Befestigung der Verbindungsrohre an den Kr\u00fcmmern bestellen m\u00fcssen, falls diese beim Ausbau des Serienauspuffs besch\u00e4digt werden.<\/strong><\/p>\n<p><strong><br \/>DIESES PRODUKT ERF\u00dcLLT NICHT DIE EINZUHALTENDEN ABGASNORMEN IM STRASSENGEBRAUCH<\/p>\n<p><\/br\/><\/br\/><\/p>\n","protected":false},"excerpt":{"rendered":"<p>Dieses System wurde ausschlie\u00dflich f\u00fcr den 911 GT3 (992) entwickelt und ist aus hochwertigem, leichtem Titan gefertigt, sandgestrahlt und beschichtet, um die Haltbarkeit zu erh\u00f6hen. Das v\u00f6llig neue Design umfasst zwei Endrohre, wobei die \u00e4u\u00dfere H\u00fclle beschichtet und die innere H\u00fclse mit sechs Aufdrucken versehen ist, die auf den Sechszylindermotor abgestimmt sind. Dar\u00fcber hinaus ist [&hellip;]<\/p>\n","protected":false},"featured_media":23707,"comment_status":"open","ping_status":"closed","template":"","meta":[],"product_brand":[],"product_cat":[16,20],"product_tag":[],"class_list":{"0":"post-2269","1":"product","2":"type-product","3":"status-publish","4":"has-post-thumbnail","6":"product_cat-akrapovic-auspuffanlagen","7":"product_cat-porsche","9":"first","10":"outofstock","11":"sale","12":"taxable","13":"shipping-taxable","14":"purchasable","15":"product-type-variable"},"_links":{"self":[{"href":"https:\/\/wagenthaler.com\/shop\/wp-json\/wp\/v2\/product\/2269","targetHints":{"allow":["GET"]}}],"collection":[{"href":"https:\/\/wagenthaler.com\/shop\/wp-json\/wp\/v2\/product"}],"about":[{"href":"https:\/\/wagenthaler.com\/shop\/wp-json\/wp\/v2\/types\/product"}],"replies":[{"embeddable":true,"href":"https:\/\/wagenthaler.com\/shop\/wp-json\/wp\/v2\/comments?post=2269"}],"wp:featuredmedia":[{"embeddable":true,"href":"https:\/\/wagenthaler.com\/shop\/wp-json\/wp\/v2\/media\/23707"}],"wp:attachment":[{"href":"https:\/\/wagenthaler.com\/shop\/wp-json\/wp\/v2\/media?parent=2269"}],"wp:term":[{"taxonomy":"product_brand","embeddable":true,"href":"https:\/\/wagenthaler.com\/shop\/wp-json\/wp\/v2\/product_brand?post=2269"},{"taxonomy":"product_cat","embeddable":true,"href":"https:\/\/wagenthaler.com\/shop\/wp-json\/wp\/v2\/product_cat?post=2269"},{"taxonomy":"product_tag","embeddable":true,"href":"https:\/\/wagenthaler.com\/shop\/wp-json\/wp\/v2\/product_tag?post=2269"}],"curies":[{"name":"wp","href":"https:\/\/api.w.org\/{rel}","templated":true}]}}