{"id":2275,"date":"2026-01-27T02:54:48","date_gmt":"2026-01-27T01:54:48","guid":{"rendered":"https:\/\/shop.wagenthaler.com\/produkt\/akrapovic-rear-carbon-fiber-diffuser-matte-fuer-porsche-911-gt3-gt3-touring-992\/"},"modified":"2026-01-27T02:55:40","modified_gmt":"2026-01-27T01:55:40","slug":"akrapovic-rear-carbon-fiber-diffuser-matte-fuer-porsche-911-gt3-gt3-touring-992","status":"publish","type":"product","link":"https:\/\/wagenthaler.com\/shop\/akrapovic-rear-carbon-fiber-diffuser-matte-fuer-porsche-911-gt3-gt3-touring-992\/","title":{"rendered":"Akrapovi\u010d Rear Carbon Fiber Diffuser &#8211; Matte f\u00fcr Porsche 911 GT3 \/ GT3 Touring (992)"},"content":{"rendered":"<p>Dieser handgefertigte Diffusor aus <strong>hochwertiger Kohlefaser<\/strong> ist in <strong>matter oder hochgl\u00e4nzender Ausf\u00fchrung erh\u00e4ltlich<\/strong>, um die Akrapovi\u010d-Abgasanlage zu vervollst\u00e4ndigen und mit dem Heck des Fahrzeugs zu harmonisieren. Der Diffusor, der die Doppelendrohre der Slip-On Race Line (Titanium) voll zur Geltung bringt, hat auf beiden Seiten Titanplatten, die mit dem Akrapovi\u010d-Logo lasergraviert sind. Mit 0,8 kg weniger Gewicht im Vergleich zum serienm\u00e4\u00dfigen Diffusor, ist dieses v\u00f6llig neue Design <strong>ABE-typgepr\u00fcft<\/strong> und f\u00fcgt einen <strong>markanten visuellen Finish hinzu<\/strong>.<br \/><\/br\/><\/p>\n<p>Dieses Produkt passt nicht auf Porsche 911 GT3 RS (992).<br \/><\/br\/><\/p>\n","protected":false},"excerpt":{"rendered":"<p>Dieser handgefertigte Diffusor aus hochwertiger Kohlefaser ist in matter oder hochgl\u00e4nzender Ausf\u00fchrung erh\u00e4ltlich, um die Akrapovi\u010d-Abgasanlage zu vervollst\u00e4ndigen und mit dem Heck des Fahrzeugs zu harmonisieren. Der Diffusor, der die Doppelendrohre der Slip-On Race Line (Titanium) voll zur Geltung bringt, hat auf beiden Seiten Titanplatten, die mit dem Akrapovi\u010d-Logo lasergraviert sind. Mit 0,8 kg weniger [&hellip;]<\/p>\n","protected":false},"featured_media":2276,"comment_status":"open","ping_status":"closed","template":"","meta":[],"product_brand":[],"product_cat":[18,20],"product_tag":[],"class_list":{"0":"post-2275","1":"product","2":"type-product","3":"status-publish","4":"has-post-thumbnail","6":"product_cat-akrapovic-zubehoer","7":"product_cat-porsche","9":"first","10":"onbackorder","11":"sale","12":"taxable","13":"shipping-taxable","14":"purchasable","15":"product-type-simple"},"_links":{"self":[{"href":"https:\/\/wagenthaler.com\/shop\/wp-json\/wp\/v2\/product\/2275","targetHints":{"allow":["GET"]}}],"collection":[{"href":"https:\/\/wagenthaler.com\/shop\/wp-json\/wp\/v2\/product"}],"about":[{"href":"https:\/\/wagenthaler.com\/shop\/wp-json\/wp\/v2\/types\/product"}],"replies":[{"embeddable":true,"href":"https:\/\/wagenthaler.com\/shop\/wp-json\/wp\/v2\/comments?post=2275"}],"wp:featuredmedia":[{"embeddable":true,"href":"https:\/\/wagenthaler.com\/shop\/wp-json\/wp\/v2\/media\/2276"}],"wp:attachment":[{"href":"https:\/\/wagenthaler.com\/shop\/wp-json\/wp\/v2\/media?parent=2275"}],"wp:term":[{"taxonomy":"product_brand","embeddable":true,"href":"https:\/\/wagenthaler.com\/shop\/wp-json\/wp\/v2\/product_brand?post=2275"},{"taxonomy":"product_cat","embeddable":true,"href":"https:\/\/wagenthaler.com\/shop\/wp-json\/wp\/v2\/product_cat?post=2275"},{"taxonomy":"product_tag","embeddable":true,"href":"https:\/\/wagenthaler.com\/shop\/wp-json\/wp\/v2\/product_tag?post=2275"}],"curies":[{"name":"wp","href":"https:\/\/api.w.org\/{rel}","templated":true}]}}