{"id":2330,"date":"2026-01-27T02:58:21","date_gmt":"2026-01-27T01:58:21","guid":{"rendered":"https:\/\/shop.wagenthaler.com\/produkt\/akrapovic-tp-po991gt3-box-fuer-porsche-911-gt3-rs-991-2\/"},"modified":"2026-02-05T15:05:11","modified_gmt":"2026-02-05T14:05:11","slug":"akrapovic-db-reducer-titan-fuer-porsche-911-gt3-rs-991-2","status":"publish","type":"product","link":"https:\/\/wagenthaler.com\/shop\/akrapovic-db-reducer-titan-fuer-porsche-911-gt3-rs-991-2\/","title":{"rendered":"Akrapovi\u010d dB reducer (Titan) f\u00fcr Porsche 911 GT3 RS (991.2)"},"content":{"rendered":"<p>Exklusiv entworfen und konstruiert f\u00fcr den Porsche 911 GT3 (991) und den GT3 RS (991) ist der<strong> Akrapovi\u010d dB reducer (Titan)<\/strong> f\u00fcr Fahr-Enthusiasten gedacht, die w\u00e4hrend eines Rennstrecken-Tages den Sound ihrer Abgasanlage innerhalb vorgegebener Grenzwerte halten m\u00fcssen. Gefertigt aus hochwertigem <strong>leichtem Titan<\/strong>, fungiert der dB reducer als zus\u00e4tzlicher Schalld\u00e4mpfer, indem er den Abgasen mehr Raum zugesteht. <strong>Einfach montierbar<\/strong> durch die leichte Demontage des Akrapovi\u010d Tailpipe Sets und die anschlie\u00dfende Installation des dB reducer an der gleichen Stelle. Nach der Installation reduziert der Akrapovi\u010d dB reducer (Titan) das dynamische Sound-Level* um rund zwei bis drei Dezibel**, w\u00e4hrend der einzigartige <strong>Akrapovi\u010d Sound<\/strong> und Charakter beibehalten werden. Entworfen, um das gemessene dynamische Sound Level bei allen Akrapovi\u010d Systemen f\u00fcr den <strong>Porsche 911 GT3 (991)<\/strong> und den <strong>GT3 RS<\/strong> anzupassen und zu reduzieren. Die Systeme im Einzelnen: Slip-On Line (Titan), Evolution Line (Titan), Sports Cup Line (Titan) und Evolution Race Line (Titan). Der Akrapovi\u010d dB reducer (Titan) ist au\u00dferdem verwendbar mit dem optionalen Akrapovi\u010d Karbon-Diffusor, der f\u00fcr den Porsche 911 GT3 (991) erh\u00e4ltlich ist.\u00a0<\/p>\n<p><\/br\/><\/p>\n<p>*Das dynamische Sound Level gilt f\u00fcr ein sich bewegendes Fahrzeug und nicht f\u00fcr den Wert eines stehenden Fahrzeugs<\/p>\n<p>**Die Lautst\u00e4rkereduzierung ist relativ (und variabel) angesichts der Verwendung unterschiedlicher Lautst\u00e4rke-Messmethoden und abh\u00e4ngig von \u00e4u\u00dferen Bedingungen auf verschiedenen Rennstrecken<\/p>\n<p><\/br\/><\/p>\n","protected":false},"excerpt":{"rendered":"<p>Exklusiv entworfen und konstruiert f\u00fcr den Porsche 911 GT3 (991) und den GT3 RS (991) ist der Akrapovi\u010d dB reducer (Titan) f\u00fcr Fahr-Enthusiasten gedacht, die w\u00e4hrend eines Rennstrecken-Tages den Sound ihrer Abgasanlage innerhalb vorgegebener Grenzwerte halten m\u00fcssen. Gefertigt aus hochwertigem leichtem Titan, fungiert der dB reducer als zus\u00e4tzlicher Schalld\u00e4mpfer, indem er den Abgasen mehr Raum [&hellip;]<\/p>\n","protected":false},"featured_media":23697,"comment_status":"open","ping_status":"closed","template":"","meta":[],"product_brand":[],"product_cat":[16,20],"product_tag":[],"class_list":{"0":"post-2330","1":"product","2":"type-product","3":"status-publish","4":"has-post-thumbnail","6":"product_cat-akrapovic-auspuffanlagen","7":"product_cat-porsche","9":"first","10":"onbackorder","11":"sale","12":"taxable","13":"shipping-taxable","14":"purchasable","15":"product-type-simple"},"_links":{"self":[{"href":"https:\/\/wagenthaler.com\/shop\/wp-json\/wp\/v2\/product\/2330","targetHints":{"allow":["GET"]}}],"collection":[{"href":"https:\/\/wagenthaler.com\/shop\/wp-json\/wp\/v2\/product"}],"about":[{"href":"https:\/\/wagenthaler.com\/shop\/wp-json\/wp\/v2\/types\/product"}],"replies":[{"embeddable":true,"href":"https:\/\/wagenthaler.com\/shop\/wp-json\/wp\/v2\/comments?post=2330"}],"wp:featuredmedia":[{"embeddable":true,"href":"https:\/\/wagenthaler.com\/shop\/wp-json\/wp\/v2\/media\/23697"}],"wp:attachment":[{"href":"https:\/\/wagenthaler.com\/shop\/wp-json\/wp\/v2\/media?parent=2330"}],"wp:term":[{"taxonomy":"product_brand","embeddable":true,"href":"https:\/\/wagenthaler.com\/shop\/wp-json\/wp\/v2\/product_brand?post=2330"},{"taxonomy":"product_cat","embeddable":true,"href":"https:\/\/wagenthaler.com\/shop\/wp-json\/wp\/v2\/product_cat?post=2330"},{"taxonomy":"product_tag","embeddable":true,"href":"https:\/\/wagenthaler.com\/shop\/wp-json\/wp\/v2\/product_tag?post=2330"}],"curies":[{"name":"wp","href":"https:\/\/api.w.org\/{rel}","templated":true}]}}