{"id":2331,"date":"2026-01-27T02:58:22","date_gmt":"2026-01-27T01:58:22","guid":{"rendered":"https:\/\/shop.wagenthaler.com\/produkt\/akrapovic-di-po-ca-7-g-fuer-porsche-911-gt3-rs-991-2\/"},"modified":"2026-03-01T03:00:02","modified_gmt":"2026-03-01T02:00:02","slug":"akrapovic-rear-carbon-fibre-diffuser-high-gloss-fuer-porsche-911-gt3-rs-991-2","status":"publish","type":"product","link":"https:\/\/wagenthaler.com\/shop\/akrapovic-rear-carbon-fibre-diffuser-high-gloss-fuer-porsche-911-gt3-rs-991-2\/","title":{"rendered":"Akrapovi\u010d Rear Carbon Fibre Diffuser &#8211; High Gloss f\u00fcr Porsche 911 GT3 RS (991.2)"},"content":{"rendered":"<p>Um den GT3 RS noch st\u00e4rker von der Masse abzuheben, kann der optische Reiz der Akrapovi\u010d Abgassysteme durch einen optionalen, ABE-typgepr\u00fcften <strong>Karbon-Heckdiffusor<\/strong> weiter gesteigert werden. Dieser ist aus feinsten Materialien handgefertigt und unterstreicht den exklusiven Look der <strong>Titan-Endrohre<\/strong>. Erh\u00e4ltlich in <strong>hochgl\u00e4nzender<\/strong> Ausf\u00fchrung.<br \/>\u00a0<br \/><strong>Installationshinweis: Der Diffuser DI-PO\/CA\/7\/G muss mit den Endrohr-Sets TP-T\/S\/17 oder TP-T\/S\/17\/H verwendet werden.<\/strong><\/p>\n<p><\/br\/><\/p>\n","protected":false},"excerpt":{"rendered":"<p>Um den GT3 RS noch st\u00e4rker von der Masse abzuheben, kann der optische Reiz der Akrapovi\u010d Abgassysteme durch einen optionalen, ABE-typgepr\u00fcften Karbon-Heckdiffusor weiter gesteigert werden. Dieser ist aus feinsten Materialien handgefertigt und unterstreicht den exklusiven Look der Titan-Endrohre. Erh\u00e4ltlich in hochgl\u00e4nzender Ausf\u00fchrung.\u00a0Installationshinweis: Der Diffuser DI-PO\/CA\/7\/G muss mit den Endrohr-Sets TP-T\/S\/17 oder TP-T\/S\/17\/H verwendet werden.<\/p>\n","protected":false},"featured_media":2332,"comment_status":"open","ping_status":"closed","template":"","meta":[],"product_brand":[],"product_cat":[18,20],"product_tag":[],"class_list":{"0":"post-2331","1":"product","2":"type-product","3":"status-publish","4":"has-post-thumbnail","6":"product_cat-akrapovic-zubehoer","7":"product_cat-porsche","9":"first","10":"instock","11":"sale","12":"taxable","13":"shipping-taxable","14":"purchasable","15":"product-type-variable"},"_links":{"self":[{"href":"https:\/\/wagenthaler.com\/shop\/wp-json\/wp\/v2\/product\/2331","targetHints":{"allow":["GET"]}}],"collection":[{"href":"https:\/\/wagenthaler.com\/shop\/wp-json\/wp\/v2\/product"}],"about":[{"href":"https:\/\/wagenthaler.com\/shop\/wp-json\/wp\/v2\/types\/product"}],"replies":[{"embeddable":true,"href":"https:\/\/wagenthaler.com\/shop\/wp-json\/wp\/v2\/comments?post=2331"}],"wp:featuredmedia":[{"embeddable":true,"href":"https:\/\/wagenthaler.com\/shop\/wp-json\/wp\/v2\/media\/2332"}],"wp:attachment":[{"href":"https:\/\/wagenthaler.com\/shop\/wp-json\/wp\/v2\/media?parent=2331"}],"wp:term":[{"taxonomy":"product_brand","embeddable":true,"href":"https:\/\/wagenthaler.com\/shop\/wp-json\/wp\/v2\/product_brand?post=2331"},{"taxonomy":"product_cat","embeddable":true,"href":"https:\/\/wagenthaler.com\/shop\/wp-json\/wp\/v2\/product_cat?post=2331"},{"taxonomy":"product_tag","embeddable":true,"href":"https:\/\/wagenthaler.com\/shop\/wp-json\/wp\/v2\/product_tag?post=2331"}],"curies":[{"name":"wp","href":"https:\/\/api.w.org\/{rel}","templated":true}]}}