{"id":2396,"date":"2026-01-27T03:01:45","date_gmt":"2026-01-27T02:01:45","guid":{"rendered":"https:\/\/shop.wagenthaler.com\/produkt\/import\/"},"modified":"2026-02-05T15:02:33","modified_gmt":"2026-02-05T14:02:33","slug":"akrapovic-slip-on-line-titan-fuer-porsche-911-speedster-opf-gpf","status":"publish","type":"product","link":"https:\/\/wagenthaler.com\/shop\/akrapovic-slip-on-line-titan-fuer-porsche-911-speedster-opf-gpf\/","title":{"rendered":"Akrapovi\u010d Slip-On Line (Titan) f\u00fcr Porsche 911 Speedster &#8211; OPF\/GPF"},"content":{"rendered":"<p><strong>Dieses Slip-On System (S-PO\/TI\/15) muss zu einem vollst\u00e4ndigen Akrapovi\u010d Evolution Line Abgassystem aufger\u00fcstet werden, indem es mit dem Evolution Header-Set (E-PO\/T\/6\/1)<\/strong> mit seitlichen Schalld\u00e4mpfern und Klappen kombiniert wird. Es ist ganz darauf ausgelegt, das volle Potenzial des Systems zu entfalten und die Leistung des Fahrzeugs bei steigenden Drehzahlen zu verbessern. Dank der herausragenden Liebe zum Detail einschlie\u00dflich der in der eigenen Titan-Gie\u00dferei von Akrapovi\u010d gegossenen Bauteile, sind die handwerkliche Verarbeitung und die Oberfl\u00e4chenbeschichtung des Systems einzigartig. Mit einem Abgasanlagekr\u00fcmmer mit 100-cpsi-Sportkatalysatoren und seitlichen Schalld\u00e4mpfern nutzt die Evolution Line integrierte Katalysatoren und die Funktionalit\u00e4t der Klappen, um auf ganzer Linie die Sinne zu stimulieren. Das System bietet deutliche Gewichtseinsparungen im Bereich hinter dem Motor und an der Hinterachse. Die Evolution Line ist au\u00dferdem darauf abgestimmt, einen sportlichen und knallharten Sound zu liefern. Je h\u00f6her der Motor dreht und die Beschleunigung zunimmt, desto mehr liefert der Sechszylinder-Motor einen satten, harmonischen und hochfrequenten Soundtrack, der jede Reise zu einer unvergesslichen Erfahrung macht, das auch nach dem Loslassen des Gaspedals weitergeht und ein volles und lohnendes Erlebnis f\u00fcr alle Sinne bietet.<\/p>\n<p><strong>Das obligatorische Endrohrset TP-T\/S\/19 muss separat bestellt werden. Wenn Sie das Slip-On-System mit dem optionalen Kohlefaser-Diffusor DI-PO\/CA\/7\/G (GT3 RS) kombinieren, m\u00fcssen Sie das Endrohrset TP-T\/S\/17 verwenden.<\/strong><\/p>\n<p><strong>F\u00fcr die Montage der Akrapovi\u010d Abgasanlage ist eine zus\u00e4tzliche Porsche-Original-Lagerhalterung (Porsche Art.-Nr. 99111147391) erforderlich. Bitte lesen Sie sich die Anleitung vor der Installation sorgf\u00e4ltig durch.<\/strong><\/p>\n<p>Bei der Installation optionaler Akrapovic-Nachr\u00fcst-Down Pipes mit oder ohne Sportkatalysator, die nur f\u00fcr die Verwendung auf geschlossenen Strecken bestimmt sind, ist ECU-Remapping vorgeschrieben. Bei Installation einer Akrapovic-Nachr\u00fcst-Aufpuffanlage, die f\u00fcr den Einsatz auf geschlossenen Strecken entwickelt wurde, empfehlen wir ECU-Remapping, um dem etwaigen Anspringen der Motorwarnleuchte vorzubeugen.<\/p>\n<p>&#65279;DIESES PRODUKT ERF\u00dcLLT NICHT DIE EINZUHALTENDEN ABGASNORMEN IM STRASSENGEBRAUCH.<\/p>\n<p><\/br\/><\/p>\n<p><\/br\/><\/p>\n","protected":false},"excerpt":{"rendered":"<p>Dieses Slip-On System (S-PO\/TI\/15) muss zu einem vollst\u00e4ndigen Akrapovi\u010d Evolution Line Abgassystem aufger\u00fcstet werden, indem es mit dem Evolution Header-Set (E-PO\/T\/6\/1) mit seitlichen Schalld\u00e4mpfern und Klappen kombiniert wird. Es ist ganz darauf ausgelegt, das volle Potenzial des Systems zu entfalten und die Leistung des Fahrzeugs bei steigenden Drehzahlen zu verbessern. Dank der herausragenden Liebe zum [&hellip;]<\/p>\n","protected":false},"featured_media":23669,"comment_status":"open","ping_status":"closed","template":"","meta":[],"product_brand":[],"product_cat":[16,20],"product_tag":[],"class_list":{"0":"post-2396","1":"product","2":"type-product","3":"status-publish","4":"has-post-thumbnail","6":"product_cat-akrapovic-auspuffanlagen","7":"product_cat-porsche","9":"first","10":"instock","11":"sale","12":"taxable","13":"shipping-taxable","14":"purchasable","15":"product-type-variable"},"_links":{"self":[{"href":"https:\/\/wagenthaler.com\/shop\/wp-json\/wp\/v2\/product\/2396","targetHints":{"allow":["GET"]}}],"collection":[{"href":"https:\/\/wagenthaler.com\/shop\/wp-json\/wp\/v2\/product"}],"about":[{"href":"https:\/\/wagenthaler.com\/shop\/wp-json\/wp\/v2\/types\/product"}],"replies":[{"embeddable":true,"href":"https:\/\/wagenthaler.com\/shop\/wp-json\/wp\/v2\/comments?post=2396"}],"wp:featuredmedia":[{"embeddable":true,"href":"https:\/\/wagenthaler.com\/shop\/wp-json\/wp\/v2\/media\/23669"}],"wp:attachment":[{"href":"https:\/\/wagenthaler.com\/shop\/wp-json\/wp\/v2\/media?parent=2396"}],"wp:term":[{"taxonomy":"product_brand","embeddable":true,"href":"https:\/\/wagenthaler.com\/shop\/wp-json\/wp\/v2\/product_brand?post=2396"},{"taxonomy":"product_cat","embeddable":true,"href":"https:\/\/wagenthaler.com\/shop\/wp-json\/wp\/v2\/product_cat?post=2396"},{"taxonomy":"product_tag","embeddable":true,"href":"https:\/\/wagenthaler.com\/shop\/wp-json\/wp\/v2\/product_tag?post=2396"}],"curies":[{"name":"wp","href":"https:\/\/api.w.org\/{rel}","templated":true}]}}