{"id":2399,"date":"2026-01-27T03:01:47","date_gmt":"2026-01-27T02:01:47","guid":{"rendered":"https:\/\/shop.wagenthaler.com\/produkt\/import\/"},"modified":"2026-01-27T03:01:48","modified_gmt":"2026-01-27T02:01:48","slug":"akrapovic-evolution-header-set-titan-fuer-porsche-911-speedster-opf-gpf","status":"publish","type":"product","link":"https:\/\/wagenthaler.com\/shop\/akrapovic-evolution-header-set-titan-fuer-porsche-911-speedster-opf-gpf\/","title":{"rendered":"Akrapovi\u010d Evolution Header Set (Titan) f\u00fcr Porsche 911 Speedster &#8211; OPF\/GPF"},"content":{"rendered":"<p><strong>Das Evolution Header Set (Titan) muss zusammen mit dem Slip-On Line (Titan) System S-PO\/TI\/15 oder dem Slip-On Race Line (Titan) System S-PO\/TI\/8 montiert werden. Eine zus\u00e4tzliche Original-Porsche-Serienhalterung (Porsche p\/n: 99111147391) wird f\u00fcr die Montage des Akrapovi\u010d Abgassystems ben\u00f6tigt. Bitte lesen Sie sich vor Beginn der Installation sorgf\u00e4ltig die Anweisungen durch.<\/strong><\/p>\n<p>Das Evolution Header Set verwandelt das Slip-On System in ein Komplettsystem, das bei h\u00f6heren Drehzahlen f\u00fcr sp\u00fcrbar mehr Leistung sorgt. Die handgefertigten Titan-Header beinhalten 100-cpsi-Sportkatalysatoren und seitliche Schalld\u00e4mpfer, die auf die Steigerung von Leistung und Drehmoment ausgelegt sind. Das Evolution Header Set nutzt die integrierten Katalysatoren und die Funktionalit\u00e4t der Klappen f\u00fcr einen regelrechten Angriff auf die Sinne. Bei ge\u00f6ffneten Klappen liefert das System einen sportlicheren und kr\u00e4ftigeren Sound. Es gibt zudem die Option eines niedrigeren Sound-Levels bei geschlossenen Klappen, perfekt f\u00fcr den Einsatz in Alltagssituationen. Das System bietet deutliche Gewichtseinsparungen in den Bereichen hinter dem Motor und der Hinterachse, wodurch das Handling verbessert und die Performance gesteigert werden.<\/p>\n<p><strong>Bei der Installation optionaler Akrapovic-Nachr\u00fcst-Down Pipes mit oder ohne Sportkatalysator, die nur f\u00fcr die Verwendung auf geschlossenen Strecken bestimmt sind, ist ECU-Remapping vorgeschrieben. Bei Installation einer Akrapovic-Nachr\u00fcst-Aufpuffanlage, die f\u00fcr den Einsatz auf geschlossenen Strecken entwickelt wurde, empfehlen wir ECU-Remapping, um dem etwaigen Anspringen der Motorwarnleuchte vorzubeugen.<\/strong><\/p>\n<p><strong>DIESES PRODUKT ERF\u00dcLLT NICHT DIE EINZUHALTENDEN ABGASNORMEN IM STRASSENGEBRAUCH.<\/strong><\/p>\n<p><\/br\/><\/p>\n","protected":false},"excerpt":{"rendered":"<p>Das Evolution Header Set (Titan) muss zusammen mit dem Slip-On Line (Titan) System S-PO\/TI\/15 oder dem Slip-On Race Line (Titan) System S-PO\/TI\/8 montiert werden. Eine zus\u00e4tzliche Original-Porsche-Serienhalterung (Porsche p\/n: 99111147391) wird f\u00fcr die Montage des Akrapovi\u010d Abgassystems ben\u00f6tigt. Bitte lesen Sie sich vor Beginn der Installation sorgf\u00e4ltig die Anweisungen durch. Das Evolution Header Set verwandelt [&hellip;]<\/p>\n","protected":false},"featured_media":2350,"comment_status":"open","ping_status":"closed","template":"","meta":[],"product_brand":[],"product_cat":[18,20],"product_tag":[],"class_list":{"0":"post-2399","1":"product","2":"type-product","3":"status-publish","4":"has-post-thumbnail","6":"product_cat-akrapovic-zubehoer","7":"product_cat-porsche","9":"first","10":"instock","11":"sale","12":"taxable","13":"shipping-taxable","14":"purchasable","15":"product-type-variable"},"_links":{"self":[{"href":"https:\/\/wagenthaler.com\/shop\/wp-json\/wp\/v2\/product\/2399","targetHints":{"allow":["GET"]}}],"collection":[{"href":"https:\/\/wagenthaler.com\/shop\/wp-json\/wp\/v2\/product"}],"about":[{"href":"https:\/\/wagenthaler.com\/shop\/wp-json\/wp\/v2\/types\/product"}],"replies":[{"embeddable":true,"href":"https:\/\/wagenthaler.com\/shop\/wp-json\/wp\/v2\/comments?post=2399"}],"wp:featuredmedia":[{"embeddable":true,"href":"https:\/\/wagenthaler.com\/shop\/wp-json\/wp\/v2\/media\/2350"}],"wp:attachment":[{"href":"https:\/\/wagenthaler.com\/shop\/wp-json\/wp\/v2\/media?parent=2399"}],"wp:term":[{"taxonomy":"product_brand","embeddable":true,"href":"https:\/\/wagenthaler.com\/shop\/wp-json\/wp\/v2\/product_brand?post=2399"},{"taxonomy":"product_cat","embeddable":true,"href":"https:\/\/wagenthaler.com\/shop\/wp-json\/wp\/v2\/product_cat?post=2399"},{"taxonomy":"product_tag","embeddable":true,"href":"https:\/\/wagenthaler.com\/shop\/wp-json\/wp\/v2\/product_tag?post=2399"}],"curies":[{"name":"wp","href":"https:\/\/api.w.org\/{rel}","templated":true}]}}