{"id":2422,"date":"2026-01-27T03:02:35","date_gmt":"2026-01-27T02:02:35","guid":{"rendered":"https:\/\/shop.wagenthaler.com\/produkt\/import\/"},"modified":"2026-02-05T15:00:51","modified_gmt":"2026-02-05T14:00:51","slug":"akrapovic-slip-on-line-titan-fuer-porsche-911-turbo-997","status":"publish","type":"product","link":"https:\/\/wagenthaler.com\/shop\/akrapovic-slip-on-line-titan-fuer-porsche-911-turbo-997\/","title":{"rendered":"Akrapovi\u010d Slip-On Line (Titan) f\u00fcr Porsche 911 Turbo (997)"},"content":{"rendered":"<p>Das Slip-On-System f\u00fcr den Turbo ist aus unserem eigenen Titan hergestellt und umfasst einen Mittelschalld\u00e4mpfer und ein einzigartiges Set Endrohre.  Mit zwei Turboladern und zwei Ladeluftk\u00fchlern ist der Turbomotor des 997 erheblich schwerer als der atmosph\u00e4rische Motor. Durch das leichtere Auspuffsystem wird das Fahrzeugheck entlastet und das Gewicht gleichm\u00e4\u00dfiger verteilt und zur Fahrzeugmitte verlagert.  Das Slip-On-Auspuffsystem f\u00fchrt infolge der Gewichtseinsparungen und des gro\u00dfen Power- und Drehmomentgewinns zu einer drastischen Ver\u00e4nderung des Leistungs-Masse-Verh\u00e4ltnisses.  Der Sound des Turbomotors wird durch die Turbinen weitgehend absorbiert. Dennoch ist es uns gelungen, dem ansonsten leisen Turbo einen vollt\u00f6nenden Klang zu geben.<\/p>\n<p>Zur Montage der Slip-on Anlage mu\u00df das Link-pipe Set mitbestellt werden.<\/p>\n<p><\/p>\n<p>DIESES PRODUKT ERF\u00dcLLT NICHT DIE EINZUHALTENDEN ABGASNORMEN IM STRASSENGEBRAUCH.<\/p>\n","protected":false},"excerpt":{"rendered":"<p>Das Slip-On-System f\u00fcr den Turbo ist aus unserem eigenen Titan hergestellt und umfasst einen Mittelschalld\u00e4mpfer und ein einzigartiges Set Endrohre. Mit zwei Turboladern und zwei Ladeluftk\u00fchlern ist der Turbomotor des 997 erheblich schwerer als der atmosph\u00e4rische Motor. Durch das leichtere Auspuffsystem wird das Fahrzeugheck entlastet und das Gewicht gleichm\u00e4\u00dfiger verteilt und zur Fahrzeugmitte verlagert. Das [&hellip;]<\/p>\n","protected":false},"featured_media":23649,"comment_status":"open","ping_status":"closed","template":"","meta":[],"product_brand":[],"product_cat":[16,20],"product_tag":[],"class_list":{"0":"post-2422","1":"product","2":"type-product","3":"status-publish","4":"has-post-thumbnail","6":"product_cat-akrapovic-auspuffanlagen","7":"product_cat-porsche","9":"first","10":"instock","11":"taxable","12":"shipping-taxable","13":"purchasable","14":"product-type-simple"},"_links":{"self":[{"href":"https:\/\/wagenthaler.com\/shop\/wp-json\/wp\/v2\/product\/2422","targetHints":{"allow":["GET"]}}],"collection":[{"href":"https:\/\/wagenthaler.com\/shop\/wp-json\/wp\/v2\/product"}],"about":[{"href":"https:\/\/wagenthaler.com\/shop\/wp-json\/wp\/v2\/types\/product"}],"replies":[{"embeddable":true,"href":"https:\/\/wagenthaler.com\/shop\/wp-json\/wp\/v2\/comments?post=2422"}],"wp:featuredmedia":[{"embeddable":true,"href":"https:\/\/wagenthaler.com\/shop\/wp-json\/wp\/v2\/media\/23649"}],"wp:attachment":[{"href":"https:\/\/wagenthaler.com\/shop\/wp-json\/wp\/v2\/media?parent=2422"}],"wp:term":[{"taxonomy":"product_brand","embeddable":true,"href":"https:\/\/wagenthaler.com\/shop\/wp-json\/wp\/v2\/product_brand?post=2422"},{"taxonomy":"product_cat","embeddable":true,"href":"https:\/\/wagenthaler.com\/shop\/wp-json\/wp\/v2\/product_cat?post=2422"},{"taxonomy":"product_tag","embeddable":true,"href":"https:\/\/wagenthaler.com\/shop\/wp-json\/wp\/v2\/product_tag?post=2422"}],"curies":[{"name":"wp","href":"https:\/\/api.w.org\/{rel}","templated":true}]}}