{"id":2435,"date":"2026-01-27T03:03:04","date_gmt":"2026-01-27T02:03:04","guid":{"rendered":"https:\/\/shop.wagenthaler.com\/produkt\/import\/"},"modified":"2026-02-05T15:00:32","modified_gmt":"2026-02-05T14:00:32","slug":"akrapovic-evolution-line-titan-400-cpsi-cats-fuer-porsche-911-turbo-997","status":"publish","type":"product","link":"https:\/\/wagenthaler.com\/shop\/akrapovic-evolution-line-titan-400-cpsi-cats-fuer-porsche-911-turbo-997\/","title":{"rendered":"Akrapovi\u010d Evolution Line ((Titan) \/ 400 cpsi cats) f\u00fcr Porsche 911 Turbo (997)"},"content":{"rendered":"<p>Wie f\u00fcr den GT2 haben wir nun auch f\u00fcr den Turbo ein Evolution-Komplett Aftermarket-Abgassystem aus Titan entwickelt. Durch eine komplett neue Kr\u00fcmmeranlage, neue 400 cpsi oder wahlweise 100 cpsi Metall-katalysatoren und das leistungsoptimierte Layout des Schalld\u00e4mpfers konnte eine deutliche Steigerung von Leistung und Drehmoment bei Verringerung des Gewichtes um 14 kg erreicht werden.LEISTUNG<br \/>Zwei Turbolader, zwei Ladeluftk\u00fchler und weiteres erh\u00f6hen das Motorengewicht des Porsche 997 Turbo im Vergleich zur Saugvariante deutlich. Die leichtere Abgasanlage entlastet das Heck und f\u00fchrt zu einer ausgewogeneren Gewichtsverteilung. Der Grenzbereich des Fahrzeugs verschiebt sich nach oben und l\u00e4sst eine h\u00f6here Querbeschleunigung zu. Die Kombination von verbessertem Leistungsgewicht mit 31 PS Mehrleistung, Steigerung des Drehmoments um 38 Nm und der positiven fahrdynamischen Effekte, steigern die Performance des Turbos deutlich. Dar\u00fcberhinaus war es uns wichtig, den Klang zu verbessern. Gerade beim Turbo d\u00e4mpfen die Turbinen stark den Motorsound. Es ist uns gelungen dies zu kompensieren und dem ansonsten zur\u00fcckhaltenden Turbo ein sonores und aggressiveres Klangbild zu verleihen welches aber die Alltagstauglichkeit nicht beeintr\u00e4chtigt.<br \/>Evolution Abgassystem (400 cpsi mit EG ABE):Titan-Kr\u00fcmmeranlageTitan Link-Pipes inkl. 100 cpsi oder wahlweise 400 cpsi MetallkatalysatorenTitan-Endschalld\u00e4mpferTitan-Endrohre<br \/>Hardfacts (100 cpsi Kat Version):31 PS plus (bei 5.970 U\/min.)38 Nm plus (bei 3.990 U\/min.)14 kg minus <br \/>Hardfacts (400 cpsi Kat Version):24 PS plus (bei 6.030 U\/min.)37 Nm plus (bei 3.740 U\/min.)14 kg minus<br \/>Bei Installation eines f\u00fcr den Rennstreckengebrauch entwickelten Akrapovi\u010d Evolution-Abgassystems (mit 100 cpsi Katalysatoren) empfehlen wir das Anpassen der Motorelektronik um Fehlermeldungen zu vermeiden. <\/p>\n<p>DIESES PRODUKT ERF\u00dcLLT NICHT DIE EINZUHALTENDEN ABGASNORMEN IM STRASSENGEBRAUCH.<\/p>\n","protected":false},"excerpt":{"rendered":"<p>Wie f\u00fcr den GT2 haben wir nun auch f\u00fcr den Turbo ein Evolution-Komplett Aftermarket-Abgassystem aus Titan entwickelt. Durch eine komplett neue Kr\u00fcmmeranlage, neue 400 cpsi oder wahlweise 100 cpsi Metall-katalysatoren und das leistungsoptimierte Layout des Schalld\u00e4mpfers konnte eine deutliche Steigerung von Leistung und Drehmoment bei Verringerung des Gewichtes um 14 kg erreicht werden.LEISTUNGZwei Turbolader, zwei [&hellip;]<\/p>\n","protected":false},"featured_media":23643,"comment_status":"open","ping_status":"closed","template":"","meta":[],"product_brand":[],"product_cat":[16,20],"product_tag":[],"class_list":{"0":"post-2435","1":"product","2":"type-product","3":"status-publish","4":"has-post-thumbnail","6":"product_cat-akrapovic-auspuffanlagen","7":"product_cat-porsche","9":"first","10":"instock","11":"taxable","12":"shipping-taxable","13":"purchasable","14":"product-type-simple"},"_links":{"self":[{"href":"https:\/\/wagenthaler.com\/shop\/wp-json\/wp\/v2\/product\/2435","targetHints":{"allow":["GET"]}}],"collection":[{"href":"https:\/\/wagenthaler.com\/shop\/wp-json\/wp\/v2\/product"}],"about":[{"href":"https:\/\/wagenthaler.com\/shop\/wp-json\/wp\/v2\/types\/product"}],"replies":[{"embeddable":true,"href":"https:\/\/wagenthaler.com\/shop\/wp-json\/wp\/v2\/comments?post=2435"}],"wp:featuredmedia":[{"embeddable":true,"href":"https:\/\/wagenthaler.com\/shop\/wp-json\/wp\/v2\/media\/23643"}],"wp:attachment":[{"href":"https:\/\/wagenthaler.com\/shop\/wp-json\/wp\/v2\/media?parent=2435"}],"wp:term":[{"taxonomy":"product_brand","embeddable":true,"href":"https:\/\/wagenthaler.com\/shop\/wp-json\/wp\/v2\/product_brand?post=2435"},{"taxonomy":"product_cat","embeddable":true,"href":"https:\/\/wagenthaler.com\/shop\/wp-json\/wp\/v2\/product_cat?post=2435"},{"taxonomy":"product_tag","embeddable":true,"href":"https:\/\/wagenthaler.com\/shop\/wp-json\/wp\/v2\/product_tag?post=2435"}],"curies":[{"name":"wp","href":"https:\/\/api.w.org\/{rel}","templated":true}]}}