{"id":2483,"date":"2026-01-27T03:06:28","date_gmt":"2026-01-27T02:06:28","guid":{"rendered":"https:\/\/shop.wagenthaler.com\/produkt\/import\/"},"modified":"2026-02-05T14:58:16","modified_gmt":"2026-02-05T13:58:16","slug":"akrapovic-slip-on-line-titan-fuer-porsche-911-turbo-turbo-s-991","status":"publish","type":"product","link":"https:\/\/wagenthaler.com\/shop\/akrapovic-slip-on-line-titan-fuer-porsche-911-turbo-turbo-s-991\/","title":{"rendered":"Akrapovi\u010d Slip-On Line (Titan) f\u00fcr Porsche 911 Turbo\/Turbo S (991)"},"content":{"rendered":"<p>Die Akrapovi\u010d Slip-On Line f\u00fcr den Porsche 911 Turbo \/ Turbo S ist der erste Schritt im Tuning einer Abgasanlage und beschert diesem ohnehin schon au\u00dfergew\u00f6hnlichen Sportwagen einen weiteren <strong>Performance-Schritt<\/strong>. Gefertigt aus einer hochwertigen Titan-Legierung und verfeinert mit exquisiten handgefertigten Karbon- und Titan-Endrohren verringert die Slip-On Line das Gewicht und verbessert das Handling. Die Akrapovi\u010d Soundingenieure haben zudem einen <strong>tiefen und einzigartigen Klang<\/strong> geschaffen, der den Porsche 911 Turbo \/ Turbo S noch mehr auffallen l\u00e4sst. Die Slip-On Line kann au\u00dferdem in Verbindung mit den optionalen Akrapovi\u010d Link Pipes verwendet werden \u2013 mit oder ohne Katalysator. Mit dieser Erweiterung wird das System auf ein neues Performance-Level gehoben. Die Slip-On Line wird sorgf\u00e4ltig mit einer Beschichtung hergestellt, die eine gr\u00f6\u00dfere Haltbarkeit garantiert, ohne den Look oder die Performance des Systems zu beeintr\u00e4chtigen.<\/p>\n","protected":false},"excerpt":{"rendered":"<p>Die Akrapovi\u010d Slip-On Line f\u00fcr den Porsche 911 Turbo \/ Turbo S ist der erste Schritt im Tuning einer Abgasanlage und beschert diesem ohnehin schon au\u00dfergew\u00f6hnlichen Sportwagen einen weiteren Performance-Schritt. Gefertigt aus einer hochwertigen Titan-Legierung und verfeinert mit exquisiten handgefertigten Karbon- und Titan-Endrohren verringert die Slip-On Line das Gewicht und verbessert das Handling. Die Akrapovi\u010d [&hellip;]<\/p>\n","protected":false},"featured_media":23618,"comment_status":"open","ping_status":"closed","template":"","meta":[],"product_brand":[],"product_cat":[16,20],"product_tag":[],"class_list":{"0":"post-2483","1":"product","2":"type-product","3":"status-publish","4":"has-post-thumbnail","6":"product_cat-akrapovic-auspuffanlagen","7":"product_cat-porsche","9":"first","10":"outofstock","11":"sale","12":"taxable","13":"shipping-taxable","14":"purchasable","15":"product-type-simple"},"_links":{"self":[{"href":"https:\/\/wagenthaler.com\/shop\/wp-json\/wp\/v2\/product\/2483","targetHints":{"allow":["GET"]}}],"collection":[{"href":"https:\/\/wagenthaler.com\/shop\/wp-json\/wp\/v2\/product"}],"about":[{"href":"https:\/\/wagenthaler.com\/shop\/wp-json\/wp\/v2\/types\/product"}],"replies":[{"embeddable":true,"href":"https:\/\/wagenthaler.com\/shop\/wp-json\/wp\/v2\/comments?post=2483"}],"wp:featuredmedia":[{"embeddable":true,"href":"https:\/\/wagenthaler.com\/shop\/wp-json\/wp\/v2\/media\/23618"}],"wp:attachment":[{"href":"https:\/\/wagenthaler.com\/shop\/wp-json\/wp\/v2\/media?parent=2483"}],"wp:term":[{"taxonomy":"product_brand","embeddable":true,"href":"https:\/\/wagenthaler.com\/shop\/wp-json\/wp\/v2\/product_brand?post=2483"},{"taxonomy":"product_cat","embeddable":true,"href":"https:\/\/wagenthaler.com\/shop\/wp-json\/wp\/v2\/product_cat?post=2483"},{"taxonomy":"product_tag","embeddable":true,"href":"https:\/\/wagenthaler.com\/shop\/wp-json\/wp\/v2\/product_tag?post=2483"}],"curies":[{"name":"wp","href":"https:\/\/api.w.org\/{rel}","templated":true}]}}