{"id":2508,"date":"2026-01-27T03:07:02","date_gmt":"2026-01-27T02:07:02","guid":{"rendered":"https:\/\/shop.wagenthaler.com\/produkt\/import\/"},"modified":"2026-01-27T03:07:06","modified_gmt":"2026-01-27T02:07:06","slug":"akrapovic-link-pipe-set-100-cpsi-kat-fuer-porsche-911-turbo-turbo-s-997-fl","status":"publish","type":"product","link":"https:\/\/wagenthaler.com\/shop\/akrapovic-link-pipe-set-100-cpsi-kat-fuer-porsche-911-turbo-turbo-s-997-fl\/","title":{"rendered":"Akrapovi\u010d Link pipe set (100 cpsi Kat) f\u00fcr Porsche 911 Turbo\/Turbo S (997 FL)"},"content":{"rendered":"<p>Eine weitere M\u00f6glichkeit ist es, die Serien-Link Pipes durch die <strong>Akrapovic<\/strong> Variante aus <strong>Titan<\/strong> zu ersetzen und zudem 100-cpsi-High-Flow-Katalysatoren zu verwenden. Kombiniert mit unserem Titan-Mittelschalld\u00e4mpfer  reduzieren die Link Pipes das Gewicht gegen\u00fcber der Serienausstattung um 8 kg. <\/p>\n<p><font class=\"pim-textStyles_finePrint\">Bei der Installation optionaler Akrapovic-Nachr\u00fcst-Down Pipes mit oder ohne Sportkatalysator, die nur f\u00fcr die Verwendung auf geschlossenen Strecken bestimmt sind, ist ECU-Remapping vorgeschrieben. Bei Installation einer Akrapovic-Nachr\u00fcst-Aufpuffanlage, die f\u00fcr den Einsatz auf geschlossenen Strecken entwickelt wurde, empfehlen wir ECU-Remapping, um dem etwaigen Anspringen der Motorwarnleuchte vorzubeugen.<\/font><\/p>\n<p>DIESES PRODUKT ERF\u00dcLLT NICHT DIE EINZUHALTENDEN ABGASNORMEN IM STRASSENGEBRAUCH.<\/p>\n","protected":false},"excerpt":{"rendered":"<p>Eine weitere M\u00f6glichkeit ist es, die Serien-Link Pipes durch die Akrapovic Variante aus Titan zu ersetzen und zudem 100-cpsi-High-Flow-Katalysatoren zu verwenden. Kombiniert mit unserem Titan-Mittelschalld\u00e4mpfer reduzieren die Link Pipes das Gewicht gegen\u00fcber der Serienausstattung um 8 kg. Bei der Installation optionaler Akrapovic-Nachr\u00fcst-Down Pipes mit oder ohne Sportkatalysator, die nur f\u00fcr die Verwendung auf geschlossenen Strecken [&hellip;]<\/p>\n","protected":false},"featured_media":2509,"comment_status":"open","ping_status":"closed","template":"","meta":[],"product_brand":[],"product_cat":[18,20],"product_tag":[],"class_list":{"0":"post-2508","1":"product","2":"type-product","3":"status-publish","4":"has-post-thumbnail","6":"product_cat-akrapovic-zubehoer","7":"product_cat-porsche","9":"first","10":"instock","11":"taxable","12":"shipping-taxable","13":"purchasable","14":"product-type-simple"},"_links":{"self":[{"href":"https:\/\/wagenthaler.com\/shop\/wp-json\/wp\/v2\/product\/2508","targetHints":{"allow":["GET"]}}],"collection":[{"href":"https:\/\/wagenthaler.com\/shop\/wp-json\/wp\/v2\/product"}],"about":[{"href":"https:\/\/wagenthaler.com\/shop\/wp-json\/wp\/v2\/types\/product"}],"replies":[{"embeddable":true,"href":"https:\/\/wagenthaler.com\/shop\/wp-json\/wp\/v2\/comments?post=2508"}],"wp:featuredmedia":[{"embeddable":true,"href":"https:\/\/wagenthaler.com\/shop\/wp-json\/wp\/v2\/media\/2509"}],"wp:attachment":[{"href":"https:\/\/wagenthaler.com\/shop\/wp-json\/wp\/v2\/media?parent=2508"}],"wp:term":[{"taxonomy":"product_brand","embeddable":true,"href":"https:\/\/wagenthaler.com\/shop\/wp-json\/wp\/v2\/product_brand?post=2508"},{"taxonomy":"product_cat","embeddable":true,"href":"https:\/\/wagenthaler.com\/shop\/wp-json\/wp\/v2\/product_cat?post=2508"},{"taxonomy":"product_tag","embeddable":true,"href":"https:\/\/wagenthaler.com\/shop\/wp-json\/wp\/v2\/product_tag?post=2508"}],"curies":[{"name":"wp","href":"https:\/\/api.w.org\/{rel}","templated":true}]}}