{"id":2522,"date":"2026-01-27T03:07:40","date_gmt":"2026-01-27T02:07:40","guid":{"rendered":"https:\/\/shop.wagenthaler.com\/produkt\/import\/"},"modified":"2026-02-05T14:57:50","modified_gmt":"2026-02-05T13:57:50","slug":"akrapovic-link-pipe-cayenne-titan-fuer-porsche-cayenne-958","status":"publish","type":"product","link":"https:\/\/wagenthaler.com\/shop\/akrapovic-link-pipe-cayenne-titan-fuer-porsche-cayenne-958\/","title":{"rendered":"Akrapovi\u010d Link pipe Cayenne (Titan) f\u00fcr Porsche Cayenne (958)"},"content":{"rendered":"<p>Dieses aus reinem Titan gefertigte Bauteil wird unbedingt ben\u00f6tigt, um die M-PO\/T\/1H Slip-On <strong>Auspuffanlage<\/strong> in Cayenne-Modelle einbauen zu k\u00f6nnen. Die Installation ist sehr einfach und passt perfekt zum originalen System.<\/p>\n","protected":false},"excerpt":{"rendered":"<p>Dieses aus reinem Titan gefertigte Bauteil wird unbedingt ben\u00f6tigt, um die M-PO\/T\/1H Slip-On Auspuffanlage in Cayenne-Modelle einbauen zu k\u00f6nnen. Die Installation ist sehr einfach und passt perfekt zum originalen System.<\/p>\n","protected":false},"featured_media":23613,"comment_status":"open","ping_status":"closed","template":"","meta":[],"product_brand":[],"product_cat":[16,20],"product_tag":[],"class_list":{"0":"post-2522","1":"product","2":"type-product","3":"status-publish","4":"has-post-thumbnail","6":"product_cat-akrapovic-auspuffanlagen","7":"product_cat-porsche","9":"first","10":"instock","11":"taxable","12":"shipping-taxable","13":"purchasable","14":"product-type-simple"},"_links":{"self":[{"href":"https:\/\/wagenthaler.com\/shop\/wp-json\/wp\/v2\/product\/2522","targetHints":{"allow":["GET"]}}],"collection":[{"href":"https:\/\/wagenthaler.com\/shop\/wp-json\/wp\/v2\/product"}],"about":[{"href":"https:\/\/wagenthaler.com\/shop\/wp-json\/wp\/v2\/types\/product"}],"replies":[{"embeddable":true,"href":"https:\/\/wagenthaler.com\/shop\/wp-json\/wp\/v2\/comments?post=2522"}],"wp:featuredmedia":[{"embeddable":true,"href":"https:\/\/wagenthaler.com\/shop\/wp-json\/wp\/v2\/media\/23613"}],"wp:attachment":[{"href":"https:\/\/wagenthaler.com\/shop\/wp-json\/wp\/v2\/media?parent=2522"}],"wp:term":[{"taxonomy":"product_brand","embeddable":true,"href":"https:\/\/wagenthaler.com\/shop\/wp-json\/wp\/v2\/product_brand?post=2522"},{"taxonomy":"product_cat","embeddable":true,"href":"https:\/\/wagenthaler.com\/shop\/wp-json\/wp\/v2\/product_cat?post=2522"},{"taxonomy":"product_tag","embeddable":true,"href":"https:\/\/wagenthaler.com\/shop\/wp-json\/wp\/v2\/product_tag?post=2522"}],"curies":[{"name":"wp","href":"https:\/\/api.w.org\/{rel}","templated":true}]}}