{"id":2911,"date":"2026-01-27T03:51:33","date_gmt":"2026-01-27T02:51:33","guid":{"rendered":"https:\/\/shop.wagenthaler.com\/produkt\/akrapovic-e-bm-ss-5-fuer-bmw-440i-f32-f33-f36-opf-gpf\/"},"modified":"2026-01-27T03:51:36","modified_gmt":"2026-01-27T02:51:36","slug":"akrapovic-evolution-link-pipe-set-edelstahl-fuer-bmw-440i-f32-f33-f36-opf-gpf","status":"publish","type":"product","link":"https:\/\/wagenthaler.com\/shop\/akrapovic-evolution-link-pipe-set-edelstahl-fuer-bmw-440i-f32-f33-f36-opf-gpf\/","title":{"rendered":"Akrapovi\u010d Evolution Link pipe set (Edelstahl) f\u00fcr BMW 440i (F32 \/ F33 \/ F36) &#8211; OPF\/GPF"},"content":{"rendered":"<p><strong>Das Evolution Link Pipe Set (SS) wurde zusammen\u00a0mit der Slip-On Line (Titan) montiert werden.<br \/><\/br\/><\/strong><\/p>\n<p>Das Evolution Link Pipe Set erweitert das Slip-On System zu einem Evolution System. Das Evolution Link Pipe Set besteht aus hochwertigem <strong>austenitischem Edelstahl<\/strong>. Es verf\u00fcgt \u00fcber eine Verbindung zweier zentraler Link Pipes, die die serienm\u00e4\u00dfige Single-Pipe-Version ersetzen und einen <strong>optimalen Fluss<\/strong> der Motorabgase erm\u00f6glichen. Das Set wurde entwickelt, um <strong>Leistung<\/strong> und Drehmoment zu steigern sowie das <strong>Gesamtgewicht<\/strong> zu reduzieren, und liefert einen tiefen, sportlichen Sound ohne unerw\u00fcnschte Dr\u00f6hnfrequenzen, der den <strong>puren Klang des Reihensechszylinders entfesselt.<\/strong><br \/><\/br\/><\/p>\n<p>Nach der Installation des Akrapovi\u010d Evolution Link Pipe Sets ist eine Neuprogrammierung der ECU erforderlich, um m\u00f6gliche Warnsignale der Motorkontrollleuchte zu verhindern.<\/p>\n<p>DIESES PRODUKT ERF\u00dcLLT NICHT DIE EINZUHALTENDEN ABGASNORMEN IM STRASSENGEBRAUCH.<\/p>\n<p><\/br\/><\/p>\n<p>&#65279;<\/p>\n<p><\/br\/><\/p>\n","protected":false},"excerpt":{"rendered":"<p>Das Evolution Link Pipe Set (SS) wurde zusammen\u00a0mit der Slip-On Line (Titan) montiert werden. Das Evolution Link Pipe Set erweitert das Slip-On System zu einem Evolution System. Das Evolution Link Pipe Set besteht aus hochwertigem austenitischem Edelstahl. Es verf\u00fcgt \u00fcber eine Verbindung zweier zentraler Link Pipes, die die serienm\u00e4\u00dfige Single-Pipe-Version ersetzen und einen optimalen Fluss [&hellip;]<\/p>\n","protected":false},"featured_media":2887,"comment_status":"open","ping_status":"closed","template":"","meta":[],"product_brand":[],"product_cat":[18,17],"product_tag":[],"class_list":{"0":"post-2911","1":"product","2":"type-product","3":"status-publish","4":"has-post-thumbnail","6":"product_cat-akrapovic-zubehoer","7":"product_cat-bmw","9":"first","10":"instock","11":"taxable","12":"shipping-taxable","13":"purchasable","14":"product-type-simple"},"_links":{"self":[{"href":"https:\/\/wagenthaler.com\/shop\/wp-json\/wp\/v2\/product\/2911","targetHints":{"allow":["GET"]}}],"collection":[{"href":"https:\/\/wagenthaler.com\/shop\/wp-json\/wp\/v2\/product"}],"about":[{"href":"https:\/\/wagenthaler.com\/shop\/wp-json\/wp\/v2\/types\/product"}],"replies":[{"embeddable":true,"href":"https:\/\/wagenthaler.com\/shop\/wp-json\/wp\/v2\/comments?post=2911"}],"wp:featuredmedia":[{"embeddable":true,"href":"https:\/\/wagenthaler.com\/shop\/wp-json\/wp\/v2\/media\/2887"}],"wp:attachment":[{"href":"https:\/\/wagenthaler.com\/shop\/wp-json\/wp\/v2\/media?parent=2911"}],"wp:term":[{"taxonomy":"product_brand","embeddable":true,"href":"https:\/\/wagenthaler.com\/shop\/wp-json\/wp\/v2\/product_brand?post=2911"},{"taxonomy":"product_cat","embeddable":true,"href":"https:\/\/wagenthaler.com\/shop\/wp-json\/wp\/v2\/product_cat?post=2911"},{"taxonomy":"product_tag","embeddable":true,"href":"https:\/\/wagenthaler.com\/shop\/wp-json\/wp\/v2\/product_tag?post=2911"}],"curies":[{"name":"wp","href":"https:\/\/api.w.org\/{rel}","templated":true}]}}