{"id":3016,"date":"2026-01-27T03:57:31","date_gmt":"2026-01-27T02:57:31","guid":{"rendered":"https:\/\/shop.wagenthaler.com\/produkt\/akrapovic-evolution-link-pipe-set-titan-short-fuer-bmw-m2-coupe-g87\/"},"modified":"2026-01-27T03:58:34","modified_gmt":"2026-01-27T02:58:34","slug":"akrapovic-evolution-link-pipe-set-titan-short-fuer-bmw-m2-coupe-g87","status":"publish","type":"product","link":"https:\/\/wagenthaler.com\/shop\/akrapovic-evolution-link-pipe-set-titan-short-fuer-bmw-m2-coupe-g87\/","title":{"rendered":"Akrapovi\u010d Evolution Link Pipe set (Titan) \u2013 Short f\u00fcr BMW M2 Coup\u00e9 (G87)"},"content":{"rendered":"<p>Diese aus hochwertigem Titan gefertigte, sodass die serienm\u00e4\u00dfigen\u00a0Sekund\u00e4rkatalysator am Fahrzeug verbleiben k\u00f6nnen. Kombiniert mit einem Slip-On Line (Titanium) System liefert sie einen tiefen, satten und sportlichen Sound ohne Dr\u00f6hnen und verk\u00f6rpert damit den reinen Sound eines aufgeladenen Reihensechszylinders. Die Neuprogrammierung ist obligatorisch. Dieses Produkt ist nur f\u00fcr den Einsatz auf Rennstrecken und abgesperrten Kursen gedacht. <br \/><strong><br \/><\/br\/><\/strong><\/p>\n<p><strong>DIESES PRODUKT ERF\u00dcLLT NICHT DIE EINZUHALTENDEN ABGASNORMEN IM STRASSENGEBRAUCH.<\/strong><br \/><\/br\/><\/p>\n<p><strong><br \/><\/br\/><\/strong><\/p>\n","protected":false},"excerpt":{"rendered":"<p>Diese aus hochwertigem Titan gefertigte, sodass die serienm\u00e4\u00dfigen\u00a0Sekund\u00e4rkatalysator am Fahrzeug verbleiben k\u00f6nnen. Kombiniert mit einem Slip-On Line (Titanium) System liefert sie einen tiefen, satten und sportlichen Sound ohne Dr\u00f6hnen und verk\u00f6rpert damit den reinen Sound eines aufgeladenen Reihensechszylinders. Die Neuprogrammierung ist obligatorisch. Dieses Produkt ist nur f\u00fcr den Einsatz auf Rennstrecken und abgesperrten Kursen gedacht. [&hellip;]<\/p>\n","protected":false},"featured_media":3017,"comment_status":"open","ping_status":"closed","template":"","meta":[],"product_brand":[],"product_cat":[18,17],"product_tag":[],"class_list":{"0":"post-3016","1":"product","2":"type-product","3":"status-publish","4":"has-post-thumbnail","6":"product_cat-akrapovic-zubehoer","7":"product_cat-bmw","9":"first","10":"instock","11":"sale","12":"taxable","13":"shipping-taxable","14":"purchasable","15":"product-type-simple"},"_links":{"self":[{"href":"https:\/\/wagenthaler.com\/shop\/wp-json\/wp\/v2\/product\/3016","targetHints":{"allow":["GET"]}}],"collection":[{"href":"https:\/\/wagenthaler.com\/shop\/wp-json\/wp\/v2\/product"}],"about":[{"href":"https:\/\/wagenthaler.com\/shop\/wp-json\/wp\/v2\/types\/product"}],"replies":[{"embeddable":true,"href":"https:\/\/wagenthaler.com\/shop\/wp-json\/wp\/v2\/comments?post=3016"}],"wp:featuredmedia":[{"embeddable":true,"href":"https:\/\/wagenthaler.com\/shop\/wp-json\/wp\/v2\/media\/3017"}],"wp:attachment":[{"href":"https:\/\/wagenthaler.com\/shop\/wp-json\/wp\/v2\/media?parent=3016"}],"wp:term":[{"taxonomy":"product_brand","embeddable":true,"href":"https:\/\/wagenthaler.com\/shop\/wp-json\/wp\/v2\/product_brand?post=3016"},{"taxonomy":"product_cat","embeddable":true,"href":"https:\/\/wagenthaler.com\/shop\/wp-json\/wp\/v2\/product_cat?post=3016"},{"taxonomy":"product_tag","embeddable":true,"href":"https:\/\/wagenthaler.com\/shop\/wp-json\/wp\/v2\/product_tag?post=3016"}],"curies":[{"name":"wp","href":"https:\/\/api.w.org\/{rel}","templated":true}]}}