{"id":3030,"date":"2026-01-27T03:58:35","date_gmt":"2026-01-27T02:58:35","guid":{"rendered":"https:\/\/shop.wagenthaler.com\/produkt\/import\/"},"modified":"2026-01-27T03:59:40","modified_gmt":"2026-01-27T02:59:40","slug":"akrapovic-tail-pipe-set-chopped-carbon-fuer-bmw-m2-coupe-g87","status":"publish","type":"product","link":"https:\/\/wagenthaler.com\/shop\/akrapovic-tail-pipe-set-chopped-carbon-fuer-bmw-m2-coupe-g87\/","title":{"rendered":"Akrapovi\u010d Tail Pipe Set (Chopped Carbon) f\u00fcr BMW M2 Coup\u00e9 (G87)"},"content":{"rendered":"<p>A <strong>ground-breaking octagonal shape<\/strong> has been fashioned from<strong> lightweight titanium<\/strong> with a <strong>chopped carbon-fibre <\/strong>outer sleeve, totally in keeping with lines of the car. For more traditional buyers, there is the classic cylindrical design, also constructed from same materials, but featuring an update to the current range of tailpipes for BMW cars available from Akrapovi\u010d.<\/p>\n","protected":false},"excerpt":{"rendered":"<p>A ground-breaking octagonal shape has been fashioned from lightweight titanium with a chopped carbon-fibre outer sleeve, totally in keeping with lines of the car. For more traditional buyers, there is the classic cylindrical design, also constructed from same materials, but featuring an update to the current range of tailpipes for BMW cars available from Akrapovi\u010d.<\/p>\n","protected":false},"featured_media":3031,"comment_status":"open","ping_status":"closed","template":"","meta":[],"product_brand":[],"product_cat":[18,17],"product_tag":[],"class_list":{"0":"post-3030","1":"product","2":"type-product","3":"status-publish","4":"has-post-thumbnail","6":"product_cat-akrapovic-zubehoer","7":"product_cat-bmw","9":"first","10":"instock","11":"sale","12":"taxable","13":"shipping-taxable","14":"purchasable","15":"product-type-simple"},"_links":{"self":[{"href":"https:\/\/wagenthaler.com\/shop\/wp-json\/wp\/v2\/product\/3030","targetHints":{"allow":["GET"]}}],"collection":[{"href":"https:\/\/wagenthaler.com\/shop\/wp-json\/wp\/v2\/product"}],"about":[{"href":"https:\/\/wagenthaler.com\/shop\/wp-json\/wp\/v2\/types\/product"}],"replies":[{"embeddable":true,"href":"https:\/\/wagenthaler.com\/shop\/wp-json\/wp\/v2\/comments?post=3030"}],"wp:featuredmedia":[{"embeddable":true,"href":"https:\/\/wagenthaler.com\/shop\/wp-json\/wp\/v2\/media\/3031"}],"wp:attachment":[{"href":"https:\/\/wagenthaler.com\/shop\/wp-json\/wp\/v2\/media?parent=3030"}],"wp:term":[{"taxonomy":"product_brand","embeddable":true,"href":"https:\/\/wagenthaler.com\/shop\/wp-json\/wp\/v2\/product_brand?post=3030"},{"taxonomy":"product_cat","embeddable":true,"href":"https:\/\/wagenthaler.com\/shop\/wp-json\/wp\/v2\/product_cat?post=3030"},{"taxonomy":"product_tag","embeddable":true,"href":"https:\/\/wagenthaler.com\/shop\/wp-json\/wp\/v2\/product_tag?post=3030"}],"curies":[{"name":"wp","href":"https:\/\/api.w.org\/{rel}","templated":true}]}}