{"id":3071,"date":"2026-01-27T04:01:01","date_gmt":"2026-01-27T03:01:01","guid":{"rendered":"https:\/\/shop.wagenthaler.com\/produkt\/akrapovic-rear-carbon-fibre-diffuser-high-gloss-fuer-bmw-m2-coupe-g87-opf-gpf\/"},"modified":"2026-01-27T04:01:02","modified_gmt":"2026-01-27T03:01:02","slug":"akrapovic-rear-carbon-fibre-diffuser-high-gloss-fuer-bmw-m2-coupe-g87-opf-gpf","status":"publish","type":"product","link":"https:\/\/wagenthaler.com\/shop\/akrapovic-rear-carbon-fibre-diffuser-high-gloss-fuer-bmw-m2-coupe-g87-opf-gpf\/","title":{"rendered":"Akrapovi\u010d Rear Carbon Fibre Diffuser &#8211; High Gloss f\u00fcr BMW M2 Coup\u00e9 (G87) &#8211; OPF\/GPF"},"content":{"rendered":"<p>Um das Design weiter zu individualisieren, stehen optional handgefertigte Heckdiffusoren aus <strong>Karbon <\/strong>zur Auswahl. Dieses von hochqualifizierten internen Technikern gefertigte, <strong>leichtgewichtige<\/strong> Zubeh\u00f6r mit einer <strong>ABE<\/strong>-Typgenehmigung wurde entwickelt, um die Endrohre der Akrapovi\u010d Slip-On Line (Titanium) Abgasanlage optimal zur Geltung zu bringen. Sie sind in Hochglanz und matt erh\u00e4ltlich.<\/p>\n","protected":false},"excerpt":{"rendered":"<p>Um das Design weiter zu individualisieren, stehen optional handgefertigte Heckdiffusoren aus Karbon zur Auswahl. Dieses von hochqualifizierten internen Technikern gefertigte, leichtgewichtige Zubeh\u00f6r mit einer ABE-Typgenehmigung wurde entwickelt, um die Endrohre der Akrapovi\u010d Slip-On Line (Titanium) Abgasanlage optimal zur Geltung zu bringen. Sie sind in Hochglanz und matt erh\u00e4ltlich.<\/p>\n","protected":false},"featured_media":3041,"comment_status":"open","ping_status":"closed","template":"","meta":[],"product_brand":[],"product_cat":[18,17],"product_tag":[],"class_list":{"0":"post-3071","1":"product","2":"type-product","3":"status-publish","4":"has-post-thumbnail","6":"product_cat-akrapovic-zubehoer","7":"product_cat-bmw","9":"first","10":"instock","11":"sale","12":"taxable","13":"shipping-taxable","14":"purchasable","15":"product-type-simple"},"_links":{"self":[{"href":"https:\/\/wagenthaler.com\/shop\/wp-json\/wp\/v2\/product\/3071","targetHints":{"allow":["GET"]}}],"collection":[{"href":"https:\/\/wagenthaler.com\/shop\/wp-json\/wp\/v2\/product"}],"about":[{"href":"https:\/\/wagenthaler.com\/shop\/wp-json\/wp\/v2\/types\/product"}],"replies":[{"embeddable":true,"href":"https:\/\/wagenthaler.com\/shop\/wp-json\/wp\/v2\/comments?post=3071"}],"wp:featuredmedia":[{"embeddable":true,"href":"https:\/\/wagenthaler.com\/shop\/wp-json\/wp\/v2\/media\/3041"}],"wp:attachment":[{"href":"https:\/\/wagenthaler.com\/shop\/wp-json\/wp\/v2\/media?parent=3071"}],"wp:term":[{"taxonomy":"product_brand","embeddable":true,"href":"https:\/\/wagenthaler.com\/shop\/wp-json\/wp\/v2\/product_brand?post=3071"},{"taxonomy":"product_cat","embeddable":true,"href":"https:\/\/wagenthaler.com\/shop\/wp-json\/wp\/v2\/product_cat?post=3071"},{"taxonomy":"product_tag","embeddable":true,"href":"https:\/\/wagenthaler.com\/shop\/wp-json\/wp\/v2\/product_tag?post=3071"}],"curies":[{"name":"wp","href":"https:\/\/api.w.org\/{rel}","templated":true}]}}