{"id":3094,"date":"2026-01-27T04:02:32","date_gmt":"2026-01-27T03:02:32","guid":{"rendered":"https:\/\/shop.wagenthaler.com\/produkt\/import\/"},"modified":"2026-01-27T04:02:33","modified_gmt":"2026-01-27T03:02:33","slug":"akrapovic-rear-carbon-fibre-diffuser-high-gloss-fuer-bmw-m2-cs-f87n-opf-gpf","status":"publish","type":"product","link":"https:\/\/wagenthaler.com\/shop\/akrapovic-rear-carbon-fibre-diffuser-high-gloss-fuer-bmw-m2-cs-f87n-opf-gpf\/","title":{"rendered":"Akrapovi\u010d Rear Carbon Fibre Diffuser &#8211; High Gloss f\u00fcr BMW M2 CS (F87N) &#8211; OPF\/GPF"},"content":{"rendered":"<p><font><\/font><\/p>\n<p><font>Ein beeindruckender Karbon-Diffusor ist als Option im Angebot, ganz nach Wunsch in einer gl\u00e4nzenden oder matten Ausf\u00fchrung. Gegen\u00fcber der Standardausf\u00fchrung des Autos verf\u00fcgt er \u00fcber ein komplett <strong>neues Design<\/strong> und verleiht dem Heck des M2 Competition eine aggressivere und <strong>sportlichere Note<\/strong>, daer den Blick auf die kompletten Endrohre freigibt. Er ist eine perfekteErg\u00e4nzung zu den Spiegelkappen.<\/font><\/p>\n<p><font><\/font><\/p>\n","protected":false},"excerpt":{"rendered":"<p>Ein beeindruckender Karbon-Diffusor ist als Option im Angebot, ganz nach Wunsch in einer gl\u00e4nzenden oder matten Ausf\u00fchrung. Gegen\u00fcber der Standardausf\u00fchrung des Autos verf\u00fcgt er \u00fcber ein komplett neues Design und verleiht dem Heck des M2 Competition eine aggressivere und sportlichere Note, daer den Blick auf die kompletten Endrohre freigibt. Er ist eine perfekteErg\u00e4nzung zu den [&hellip;]<\/p>\n","protected":false},"featured_media":2987,"comment_status":"open","ping_status":"closed","template":"","meta":[],"product_brand":[],"product_cat":[18,17],"product_tag":[],"class_list":{"0":"post-3094","1":"product","2":"type-product","3":"status-publish","4":"has-post-thumbnail","6":"product_cat-akrapovic-zubehoer","7":"product_cat-bmw","9":"first","10":"outofstock","11":"sale","12":"taxable","13":"shipping-taxable","14":"purchasable","15":"product-type-simple"},"_links":{"self":[{"href":"https:\/\/wagenthaler.com\/shop\/wp-json\/wp\/v2\/product\/3094","targetHints":{"allow":["GET"]}}],"collection":[{"href":"https:\/\/wagenthaler.com\/shop\/wp-json\/wp\/v2\/product"}],"about":[{"href":"https:\/\/wagenthaler.com\/shop\/wp-json\/wp\/v2\/types\/product"}],"replies":[{"embeddable":true,"href":"https:\/\/wagenthaler.com\/shop\/wp-json\/wp\/v2\/comments?post=3094"}],"wp:featuredmedia":[{"embeddable":true,"href":"https:\/\/wagenthaler.com\/shop\/wp-json\/wp\/v2\/media\/2987"}],"wp:attachment":[{"href":"https:\/\/wagenthaler.com\/shop\/wp-json\/wp\/v2\/media?parent=3094"}],"wp:term":[{"taxonomy":"product_brand","embeddable":true,"href":"https:\/\/wagenthaler.com\/shop\/wp-json\/wp\/v2\/product_brand?post=3094"},{"taxonomy":"product_cat","embeddable":true,"href":"https:\/\/wagenthaler.com\/shop\/wp-json\/wp\/v2\/product_cat?post=3094"},{"taxonomy":"product_tag","embeddable":true,"href":"https:\/\/wagenthaler.com\/shop\/wp-json\/wp\/v2\/product_tag?post=3094"}],"curies":[{"name":"wp","href":"https:\/\/api.w.org\/{rel}","templated":true}]}}