{"id":3198,"date":"2026-01-27T04:07:38","date_gmt":"2026-01-27T03:07:38","guid":{"rendered":"https:\/\/shop.wagenthaler.com\/produkt\/akrapovic-downpipe-w-o-cat-edelstahl-fuer-bmw-m3-g80-g81\/"},"modified":"2026-01-27T04:07:42","modified_gmt":"2026-01-27T03:07:42","slug":"akrapovic-downpipe-w-o-cat-edelstahl-fuer-bmw-m3-g80-g81","status":"publish","type":"product","link":"https:\/\/wagenthaler.com\/shop\/akrapovic-downpipe-w-o-cat-edelstahl-fuer-bmw-m3-g80-g81\/","title":{"rendered":"Akrapovi\u010d Downpipe w\/o Cat (Edelstahl) f\u00fcr BMW M3 (G80 \/ G81)"},"content":{"rendered":"<p>Bei diesem f\u00fcr die Verwendung mit der Akrapovi\u010d Slip-On Line (Titanium) Abgasanlage und dem Evolution Link Pipe Set (Titanium) entwickelten, hochwertigen Downpipe Set aus Edelstahl wurde auf die Katalysatoren verzichtet. Das Set liefert einen reinen Rennsportsound voller Emotionen und bietet ein gro\u00dfartiges Feedback bei hohen Drehzahlen, ohne zu dr\u00f6hnen. Die Neuprogrammierung der ECU ist zwingend erforderlich, um m\u00f6gliche Warnmeldungen der Motorkontrollleuchte zu vermeiden. Dieses Produkt ist nur f\u00fcr den Einsatz auf geschlossenen Rennstrecken gedacht.<\/p>\n<p>Dieses Produkt passt auch f\u00fcr die xDrive, CSL, LCI, M3 Touring (G81), M4 (G83) Competition und Cabrio Modelle.<\/p>\n<p>DIESES PRODUKT ERF\u00dcLLT NICHT DIE EINZUHALTENDEN ABGASNORMEN IM STRASSENGEBRAUCH.<\/p>\n<p><\/br\/><\/p>\n","protected":false},"excerpt":{"rendered":"<p>Bei diesem f\u00fcr die Verwendung mit der Akrapovi\u010d Slip-On Line (Titanium) Abgasanlage und dem Evolution Link Pipe Set (Titanium) entwickelten, hochwertigen Downpipe Set aus Edelstahl wurde auf die Katalysatoren verzichtet. Das Set liefert einen reinen Rennsportsound voller Emotionen und bietet ein gro\u00dfartiges Feedback bei hohen Drehzahlen, ohne zu dr\u00f6hnen. Die Neuprogrammierung der ECU ist zwingend [&hellip;]<\/p>\n","protected":false},"featured_media":3199,"comment_status":"open","ping_status":"closed","template":"","meta":[],"product_brand":[],"product_cat":[18,17],"product_tag":[],"class_list":{"0":"post-3198","1":"product","2":"type-product","3":"status-publish","4":"has-post-thumbnail","6":"product_cat-akrapovic-zubehoer","7":"product_cat-bmw","9":"first","10":"outofstock","11":"sale","12":"taxable","13":"shipping-taxable","14":"purchasable","15":"product-type-simple"},"_links":{"self":[{"href":"https:\/\/wagenthaler.com\/shop\/wp-json\/wp\/v2\/product\/3198","targetHints":{"allow":["GET"]}}],"collection":[{"href":"https:\/\/wagenthaler.com\/shop\/wp-json\/wp\/v2\/product"}],"about":[{"href":"https:\/\/wagenthaler.com\/shop\/wp-json\/wp\/v2\/types\/product"}],"replies":[{"embeddable":true,"href":"https:\/\/wagenthaler.com\/shop\/wp-json\/wp\/v2\/comments?post=3198"}],"wp:featuredmedia":[{"embeddable":true,"href":"https:\/\/wagenthaler.com\/shop\/wp-json\/wp\/v2\/media\/3199"}],"wp:attachment":[{"href":"https:\/\/wagenthaler.com\/shop\/wp-json\/wp\/v2\/media?parent=3198"}],"wp:term":[{"taxonomy":"product_brand","embeddable":true,"href":"https:\/\/wagenthaler.com\/shop\/wp-json\/wp\/v2\/product_brand?post=3198"},{"taxonomy":"product_cat","embeddable":true,"href":"https:\/\/wagenthaler.com\/shop\/wp-json\/wp\/v2\/product_cat?post=3198"},{"taxonomy":"product_tag","embeddable":true,"href":"https:\/\/wagenthaler.com\/shop\/wp-json\/wp\/v2\/product_tag?post=3198"}],"curies":[{"name":"wp","href":"https:\/\/api.w.org\/{rel}","templated":true}]}}