{"id":3202,"date":"2026-01-27T04:07:46","date_gmt":"2026-01-27T03:07:46","guid":{"rendered":"https:\/\/shop.wagenthaler.com\/produkt\/akrapovic-evolution-link-pipe-set-titan-short-fuer-bmw-m3-g80-g81\/"},"modified":"2026-01-27T04:07:50","modified_gmt":"2026-01-27T03:07:50","slug":"akrapovic-evolution-link-pipe-set-titan-short-fuer-bmw-m3-g80-g81","status":"publish","type":"product","link":"https:\/\/wagenthaler.com\/shop\/akrapovic-evolution-link-pipe-set-titan-short-fuer-bmw-m3-g80-g81\/","title":{"rendered":"Akrapovi\u010d Evolution Link Pipe set (Titan) \u2013 Short f\u00fcr BMW M3 (G80 \/ G81)"},"content":{"rendered":"<p>Diese aus hochwertigem Titan gefertigte, leichtere Link Pipe verf\u00fcgt \u00fcber einen Resonator im Mittelteil. Die nur in den USA erh\u00e4ltliche Link Pipe ist k\u00fcrzer, sodass die serienm\u00e4\u00dfigen Katalysatoren am Fahrzeug verbleiben k\u00f6nnen. Kombiniert mit einem Slip-On Line (Titanium) System liefert sie einen tiefen, satten und sportlichen Sound ohne Dr\u00f6hnen und verk\u00f6rpert damit den reinen Sound eines aufgeladenen Reihensechszylinders. Die Neuprogrammierung ist obligatorisch. Dieses Produkt ist nur f\u00fcr den Einsatz auf Rennstrecken und abgesperrten Kursen gedacht. <br \/><strong><br \/><\/br\/><\/strong><\/p>\n<p><strong>Das Produkt passt auch auf M3- und M4-LCI-Versionen.<\/p>\n<p><\/br\/><\/br\/><\/p>\n<p><strong>DIESES PRODUKT ERF\u00dcLLT NICHT DIE EINZUHALTENDEN ABGASNORMEN IM STRASSENGEBRAUCH.<\/strong><br \/><\/br\/><\/p>\n<p><strong><br \/><\/br\/><\/strong><\/p>\n","protected":false},"excerpt":{"rendered":"<p>Diese aus hochwertigem Titan gefertigte, leichtere Link Pipe verf\u00fcgt \u00fcber einen Resonator im Mittelteil. Die nur in den USA erh\u00e4ltliche Link Pipe ist k\u00fcrzer, sodass die serienm\u00e4\u00dfigen Katalysatoren am Fahrzeug verbleiben k\u00f6nnen. Kombiniert mit einem Slip-On Line (Titanium) System liefert sie einen tiefen, satten und sportlichen Sound ohne Dr\u00f6hnen und verk\u00f6rpert damit den reinen Sound [&hellip;]<\/p>\n","protected":false},"featured_media":3203,"comment_status":"open","ping_status":"closed","template":"","meta":[],"product_brand":[],"product_cat":[18,17],"product_tag":[],"class_list":{"0":"post-3202","1":"product","2":"type-product","3":"status-publish","4":"has-post-thumbnail","6":"product_cat-akrapovic-zubehoer","7":"product_cat-bmw","9":"first","10":"instock","11":"taxable","12":"shipping-taxable","13":"purchasable","14":"product-type-simple"},"_links":{"self":[{"href":"https:\/\/wagenthaler.com\/shop\/wp-json\/wp\/v2\/product\/3202","targetHints":{"allow":["GET"]}}],"collection":[{"href":"https:\/\/wagenthaler.com\/shop\/wp-json\/wp\/v2\/product"}],"about":[{"href":"https:\/\/wagenthaler.com\/shop\/wp-json\/wp\/v2\/types\/product"}],"replies":[{"embeddable":true,"href":"https:\/\/wagenthaler.com\/shop\/wp-json\/wp\/v2\/comments?post=3202"}],"wp:featuredmedia":[{"embeddable":true,"href":"https:\/\/wagenthaler.com\/shop\/wp-json\/wp\/v2\/media\/3203"}],"wp:attachment":[{"href":"https:\/\/wagenthaler.com\/shop\/wp-json\/wp\/v2\/media?parent=3202"}],"wp:term":[{"taxonomy":"product_brand","embeddable":true,"href":"https:\/\/wagenthaler.com\/shop\/wp-json\/wp\/v2\/product_brand?post=3202"},{"taxonomy":"product_cat","embeddable":true,"href":"https:\/\/wagenthaler.com\/shop\/wp-json\/wp\/v2\/product_cat?post=3202"},{"taxonomy":"product_tag","embeddable":true,"href":"https:\/\/wagenthaler.com\/shop\/wp-json\/wp\/v2\/product_tag?post=3202"}],"curies":[{"name":"wp","href":"https:\/\/api.w.org\/{rel}","templated":true}]}}