{"id":3308,"date":"2026-01-27T04:12:14","date_gmt":"2026-01-27T03:12:14","guid":{"rendered":"https:\/\/shop.wagenthaler.com\/produkt\/import\/"},"modified":"2026-01-27T04:12:14","modified_gmt":"2026-01-27T03:12:14","slug":"akrapovic-tail-pipe-set-titan-fuer-bmw-m4-f82-f83","status":"publish","type":"product","link":"https:\/\/wagenthaler.com\/shop\/akrapovic-tail-pipe-set-titan-fuer-bmw-m4-f82-f83\/","title":{"rendered":"Akrapovi\u010d Tail pipe set (Titan) f\u00fcr BMW M4 (F82 \/ F83)"},"content":{"rendered":"<p>Es ist der sichtbarste Teil einer Auspuffanlage, und so widmen wir den Endrohren die h\u00f6chste Aufmerksamkeit. Akrapovi\u010d hat spezielle Titan-Endrohre entwickelt, die das optische Erscheinungsbild der Slip-On oder Evolution Auspuffanlagen noch veredeln. Die Titanversion besticht mit dem einzigartigen runden Akrapovi\u010d Design. Gefertigt aus poliertem und sandgestrahltem Titan haben diese Endrohre einen gr\u00f6\u00dferen Durchmesser als Serien-Endrohre. Damit heben sie sich noch mehr von der Masse ab. Weitere Highlights des neuen Modells sind unverwechselbare Akrapovi\u010d Design-Elemente. Diese wundersch\u00f6n gearbeiteten Erg\u00e4nzungen passen perfekt zum Karbon-Diffusor.<\/p>\n","protected":false},"excerpt":{"rendered":"<p>Es ist der sichtbarste Teil einer Auspuffanlage, und so widmen wir den Endrohren die h\u00f6chste Aufmerksamkeit. Akrapovi\u010d hat spezielle Titan-Endrohre entwickelt, die das optische Erscheinungsbild der Slip-On oder Evolution Auspuffanlagen noch veredeln. Die Titanversion besticht mit dem einzigartigen runden Akrapovi\u010d Design. Gefertigt aus poliertem und sandgestrahltem Titan haben diese Endrohre einen gr\u00f6\u00dferen Durchmesser als Serien-Endrohre. [&hellip;]<\/p>\n","protected":false},"featured_media":3164,"comment_status":"open","ping_status":"closed","template":"","meta":[],"product_brand":[],"product_cat":[18,17],"product_tag":[],"class_list":{"0":"post-3308","1":"product","2":"type-product","3":"status-publish","4":"has-post-thumbnail","6":"product_cat-akrapovic-zubehoer","7":"product_cat-bmw","9":"first","10":"outofstock","11":"sale","12":"taxable","13":"shipping-taxable","14":"purchasable","15":"product-type-simple"},"_links":{"self":[{"href":"https:\/\/wagenthaler.com\/shop\/wp-json\/wp\/v2\/product\/3308","targetHints":{"allow":["GET"]}}],"collection":[{"href":"https:\/\/wagenthaler.com\/shop\/wp-json\/wp\/v2\/product"}],"about":[{"href":"https:\/\/wagenthaler.com\/shop\/wp-json\/wp\/v2\/types\/product"}],"replies":[{"embeddable":true,"href":"https:\/\/wagenthaler.com\/shop\/wp-json\/wp\/v2\/comments?post=3308"}],"wp:featuredmedia":[{"embeddable":true,"href":"https:\/\/wagenthaler.com\/shop\/wp-json\/wp\/v2\/media\/3164"}],"wp:attachment":[{"href":"https:\/\/wagenthaler.com\/shop\/wp-json\/wp\/v2\/media?parent=3308"}],"wp:term":[{"taxonomy":"product_brand","embeddable":true,"href":"https:\/\/wagenthaler.com\/shop\/wp-json\/wp\/v2\/product_brand?post=3308"},{"taxonomy":"product_cat","embeddable":true,"href":"https:\/\/wagenthaler.com\/shop\/wp-json\/wp\/v2\/product_cat?post=3308"},{"taxonomy":"product_tag","embeddable":true,"href":"https:\/\/wagenthaler.com\/shop\/wp-json\/wp\/v2\/product_tag?post=3308"}],"curies":[{"name":"wp","href":"https:\/\/api.w.org\/{rel}","templated":true}]}}