{"id":3386,"date":"2026-01-27T04:18:17","date_gmt":"2026-01-27T03:18:17","guid":{"rendered":"https:\/\/shop.wagenthaler.com\/produkt\/import\/"},"modified":"2026-01-27T04:18:21","modified_gmt":"2026-01-27T03:18:21","slug":"akrapovic-link-pipe-set-edelstahl-fuer-bmw-m440i-g22-g23","status":"publish","type":"product","link":"https:\/\/wagenthaler.com\/shop\/akrapovic-link-pipe-set-edelstahl-fuer-bmw-m440i-g22-g23\/","title":{"rendered":"Akrapovi\u010d Link Pipe Set (Edelstahl) f\u00fcr BMW M440I (G22 \/ G23)"},"content":{"rendered":"<p><strong>Der Evolution Link Pipe Set (SS) wurde zusammen mit der Slip-On Line (Titan) system montiert werden.<\/strong><\/p>\n<p><strong><\/strong><ins>Bitte beachten Sie, dass die beiden Produktcodes, S-BM\/T\/18H und E-BM\/SS\/8 m\u00fcssen bestellt werden f\u00fcr Fahrzeuge ohne Otto-\/Benzinpartikelfilter zu bestellen.<\/ins><\/p>\n<p><strong>Einbauhinweis<\/strong>: Das Evolution Line (Titanium) System ist nur f\u00fcr Fahrzeuge ohne Ottopartikelfilter geeignet. F\u00fcr Fahrzeuge ohne Ottopartikelfilter ist die EC\/ECE-Typgenehmigungsbescheinigung nicht g\u00fcltig.<\/p>\n<p>Dieses Produkt ist auch f\u00fcr den BMW M440i xDrive Cabriolet (G23) geeignet.<\/p>\n<p>DIESES PRODUKT ERF\u00dcLLT NICHT DIE EMISSIONSANFORDERUNGEN F\u00dcR DEN EINSATZ AUF \u00d6FFENTLICHEN STRASSEN UND AUTOBAHNEN.<br \/><\/br\/><\/p>\n","protected":false},"excerpt":{"rendered":"<p>Der Evolution Link Pipe Set (SS) wurde zusammen mit der Slip-On Line (Titan) system montiert werden. Bitte beachten Sie, dass die beiden Produktcodes, S-BM\/T\/18H und E-BM\/SS\/8 m\u00fcssen bestellt werden f\u00fcr Fahrzeuge ohne Otto-\/Benzinpartikelfilter zu bestellen. Einbauhinweis: Das Evolution Line (Titanium) System ist nur f\u00fcr Fahrzeuge ohne Ottopartikelfilter geeignet. F\u00fcr Fahrzeuge ohne Ottopartikelfilter ist die EC\/ECE-Typgenehmigungsbescheinigung [&hellip;]<\/p>\n","protected":false},"featured_media":3387,"comment_status":"open","ping_status":"closed","template":"","meta":[],"product_brand":[],"product_cat":[18,17],"product_tag":[],"class_list":{"0":"post-3386","1":"product","2":"type-product","3":"status-publish","4":"has-post-thumbnail","6":"product_cat-akrapovic-zubehoer","7":"product_cat-bmw","9":"first","10":"outofstock","11":"sale","12":"taxable","13":"shipping-taxable","14":"purchasable","15":"product-type-simple"},"_links":{"self":[{"href":"https:\/\/wagenthaler.com\/shop\/wp-json\/wp\/v2\/product\/3386","targetHints":{"allow":["GET"]}}],"collection":[{"href":"https:\/\/wagenthaler.com\/shop\/wp-json\/wp\/v2\/product"}],"about":[{"href":"https:\/\/wagenthaler.com\/shop\/wp-json\/wp\/v2\/types\/product"}],"replies":[{"embeddable":true,"href":"https:\/\/wagenthaler.com\/shop\/wp-json\/wp\/v2\/comments?post=3386"}],"wp:featuredmedia":[{"embeddable":true,"href":"https:\/\/wagenthaler.com\/shop\/wp-json\/wp\/v2\/media\/3387"}],"wp:attachment":[{"href":"https:\/\/wagenthaler.com\/shop\/wp-json\/wp\/v2\/media?parent=3386"}],"wp:term":[{"taxonomy":"product_brand","embeddable":true,"href":"https:\/\/wagenthaler.com\/shop\/wp-json\/wp\/v2\/product_brand?post=3386"},{"taxonomy":"product_cat","embeddable":true,"href":"https:\/\/wagenthaler.com\/shop\/wp-json\/wp\/v2\/product_cat?post=3386"},{"taxonomy":"product_tag","embeddable":true,"href":"https:\/\/wagenthaler.com\/shop\/wp-json\/wp\/v2\/product_tag?post=3386"}],"curies":[{"name":"wp","href":"https:\/\/api.w.org\/{rel}","templated":true}]}}