{"id":3495,"date":"2026-01-27T04:25:23","date_gmt":"2026-01-27T03:25:23","guid":{"rendered":"https:\/\/shop.wagenthaler.com\/produkt\/import\/"},"modified":"2026-02-05T14:23:45","modified_gmt":"2026-02-05T13:23:45","slug":"akrapovic-slip-on-line-titan-fuer-bmw-m5-m5-competition-f90-opf-gpf","status":"publish","type":"product","link":"https:\/\/wagenthaler.com\/shop\/akrapovic-slip-on-line-titan-fuer-bmw-m5-m5-competition-f90-opf-gpf\/","title":{"rendered":"Akrapovi\u010d Slip-On Line (Titan) f\u00fcr BMW M5 \/ M5 Competition (F90) &#8211; OPF\/GPF"},"content":{"rendered":"<p>Hergestellt aus hochwertigem, <strong>leichtem Titan<\/strong> \u2013 einige Teile wurden in der eigenen Gie\u00dferei von Akrapovi\u010d gegossen \u2013 reduziert das System das Gewicht der Abgasanlage. Entwickelt, um sowohl Leistungs- als auch Drehmomentsteigerungen \u00fcber den gesamten Bereich hinweg zu erzielen, wobei die meisten Verbesserungen bei niedrigeren Drehzahlen erzielt werden, wird das Ansprech- und <strong>Fahrverhalten <\/strong>verbessert. Das System liefert einen deutlich anderen Klang als das Original, was sich insbesondere beim Schalten, Fehlz\u00fcnden und Beschleunigen am deutlichsten bemerkbar macht. Die Endrohre aus <strong>Karbon<\/strong> wurden perfekt verarbeitet und so konstruiert, dass sie perfekt zu dem optionalen <strong>Kohlefaser-Diffusor<\/strong> passen. Optionale <strong>&#65279;<\/strong>Spiegelkappen&#65279;\u00a0aus Karbon sind ebenfalls erh\u00e4ltlich, um das Erscheinungsbild des Autos zus\u00e4tzlich zu verbessern.<\/p>\n<p>Die Anlage kann als Plug-and-Play-System einfach montiert werden und erf\u00fcllt die Vorgaben der ECE-Typzulassung. Ebenfalls erh\u00e4ltlich ist das optionale Akrapovi\u010d Sound Kit.<\/p>\n<p>F\u00fcr die Installation des Slip-On-Systems muss die Serien-Abgasanlage abgeschnitten werden. Bitte lesen Sie die Hinweise vor Montagebeginn sorgf\u00e4ltig.<\/p>\n<p>Dieses Produkt passt auch auf BMW M5 Competition und CS 2022 Modelle, die mit OPF\/GPF ausgestattet sind.<br \/><\/br\/><\/p>\n<p><\/br\/><\/p>\n<p><\/br\/><\/p>\n","protected":false},"excerpt":{"rendered":"<p>Hergestellt aus hochwertigem, leichtem Titan \u2013 einige Teile wurden in der eigenen Gie\u00dferei von Akrapovi\u010d gegossen \u2013 reduziert das System das Gewicht der Abgasanlage. Entwickelt, um sowohl Leistungs- als auch Drehmomentsteigerungen \u00fcber den gesamten Bereich hinweg zu erzielen, wobei die meisten Verbesserungen bei niedrigeren Drehzahlen erzielt werden, wird das Ansprech- und Fahrverhalten verbessert. Das System [&hellip;]<\/p>\n","protected":false},"featured_media":23312,"comment_status":"open","ping_status":"closed","template":"","meta":[],"product_brand":[],"product_cat":[16,17],"product_tag":[],"class_list":{"0":"post-3495","1":"product","2":"type-product","3":"status-publish","4":"has-post-thumbnail","6":"product_cat-akrapovic-auspuffanlagen","7":"product_cat-bmw","9":"first","10":"instock","11":"sale","12":"taxable","13":"shipping-taxable","14":"purchasable","15":"product-type-simple"},"_links":{"self":[{"href":"https:\/\/wagenthaler.com\/shop\/wp-json\/wp\/v2\/product\/3495","targetHints":{"allow":["GET"]}}],"collection":[{"href":"https:\/\/wagenthaler.com\/shop\/wp-json\/wp\/v2\/product"}],"about":[{"href":"https:\/\/wagenthaler.com\/shop\/wp-json\/wp\/v2\/types\/product"}],"replies":[{"embeddable":true,"href":"https:\/\/wagenthaler.com\/shop\/wp-json\/wp\/v2\/comments?post=3495"}],"wp:featuredmedia":[{"embeddable":true,"href":"https:\/\/wagenthaler.com\/shop\/wp-json\/wp\/v2\/media\/23312"}],"wp:attachment":[{"href":"https:\/\/wagenthaler.com\/shop\/wp-json\/wp\/v2\/media?parent=3495"}],"wp:term":[{"taxonomy":"product_brand","embeddable":true,"href":"https:\/\/wagenthaler.com\/shop\/wp-json\/wp\/v2\/product_brand?post=3495"},{"taxonomy":"product_cat","embeddable":true,"href":"https:\/\/wagenthaler.com\/shop\/wp-json\/wp\/v2\/product_cat?post=3495"},{"taxonomy":"product_tag","embeddable":true,"href":"https:\/\/wagenthaler.com\/shop\/wp-json\/wp\/v2\/product_tag?post=3495"}],"curies":[{"name":"wp","href":"https:\/\/api.w.org\/{rel}","templated":true}]}}