{"id":3575,"date":"2026-01-27T04:31:21","date_gmt":"2026-01-27T03:31:21","guid":{"rendered":"https:\/\/shop.wagenthaler.com\/produkt\/akrapovic-p-hf1263-fuer-bmw-m8-m8-competition-gran-coupe-f93\/"},"modified":"2026-01-27T04:31:27","modified_gmt":"2026-01-27T03:31:27","slug":"akrapovic-sound-kit-fuer-bmw-m8-m8-competition-gran-coupe-f93","status":"publish","type":"product","link":"https:\/\/wagenthaler.com\/shop\/akrapovic-sound-kit-fuer-bmw-m8-m8-competition-gran-coupe-f93\/","title":{"rendered":"Akrapovi\u010d Sound Kit f\u00fcr BMW M8 \/ M8 Competition Gran Coup\u00e9 (F93)"},"content":{"rendered":"<p>Mit dem optionalen Akrapovi\u010d Sound Kit k\u00f6nnen die Besitzer ausgew\u00e4hlter Akrapovi\u010d-Abgasanlagen den Sound des Systems vom Cockpit ihres Fahrzeugs aus steuern. Mit der Akrapovi\u010d-Technologie k\u00f6nnen Fahrer einfach zwischen dem \u201eQuiet Mode\u201c und einem sportlicheren Sound wechseln. \u00dcber einen Empf\u00e4nger, der die Stellmotoren zum \u00d6ffnen und Schlie\u00dfen der Ventile am Ende der Abgasanlage steuert, kann der Fahrer mit Hilfe eines Sound Remote Controllers die Ventile regeln.<\/p>\n<p><strong>Bei Nutzung des optionalen Akrapovi\u010d Sound Kit ist die ECE-Typgenehmigung nicht l\u00e4nger g\u00fcltig.<\/strong><\/p>\n<p>Bei den Bildern handelt es sich um Symboldarstellungen.<\/p>\n<p><\/br\/><\/p>\n","protected":false},"excerpt":{"rendered":"<p>Mit dem optionalen Akrapovi\u010d Sound Kit k\u00f6nnen die Besitzer ausgew\u00e4hlter Akrapovi\u010d-Abgasanlagen den Sound des Systems vom Cockpit ihres Fahrzeugs aus steuern. Mit der Akrapovi\u010d-Technologie k\u00f6nnen Fahrer einfach zwischen dem \u201eQuiet Mode\u201c und einem sportlicheren Sound wechseln. \u00dcber einen Empf\u00e4nger, der die Stellmotoren zum \u00d6ffnen und Schlie\u00dfen der Ventile am Ende der Abgasanlage steuert, kann der [&hellip;]<\/p>\n","protected":false},"featured_media":3546,"comment_status":"open","ping_status":"closed","template":"","meta":[],"product_brand":[],"product_cat":[18,17],"product_tag":[],"class_list":{"0":"post-3575","1":"product","2":"type-product","3":"status-publish","4":"has-post-thumbnail","6":"product_cat-akrapovic-zubehoer","7":"product_cat-bmw","9":"first","10":"instock","11":"sale","12":"taxable","13":"shipping-taxable","14":"purchasable","15":"product-type-simple"},"_links":{"self":[{"href":"https:\/\/wagenthaler.com\/shop\/wp-json\/wp\/v2\/product\/3575","targetHints":{"allow":["GET"]}}],"collection":[{"href":"https:\/\/wagenthaler.com\/shop\/wp-json\/wp\/v2\/product"}],"about":[{"href":"https:\/\/wagenthaler.com\/shop\/wp-json\/wp\/v2\/types\/product"}],"replies":[{"embeddable":true,"href":"https:\/\/wagenthaler.com\/shop\/wp-json\/wp\/v2\/comments?post=3575"}],"wp:featuredmedia":[{"embeddable":true,"href":"https:\/\/wagenthaler.com\/shop\/wp-json\/wp\/v2\/media\/3546"}],"wp:attachment":[{"href":"https:\/\/wagenthaler.com\/shop\/wp-json\/wp\/v2\/media?parent=3575"}],"wp:term":[{"taxonomy":"product_brand","embeddable":true,"href":"https:\/\/wagenthaler.com\/shop\/wp-json\/wp\/v2\/product_brand?post=3575"},{"taxonomy":"product_cat","embeddable":true,"href":"https:\/\/wagenthaler.com\/shop\/wp-json\/wp\/v2\/product_cat?post=3575"},{"taxonomy":"product_tag","embeddable":true,"href":"https:\/\/wagenthaler.com\/shop\/wp-json\/wp\/v2\/product_tag?post=3575"}],"curies":[{"name":"wp","href":"https:\/\/api.w.org\/{rel}","templated":true}]}}