{"id":3749,"date":"2026-01-27T04:43:11","date_gmt":"2026-01-27T03:43:11","guid":{"rendered":"https:\/\/shop.wagenthaler.com\/produkt\/import\/"},"modified":"2026-01-27T04:43:12","modified_gmt":"2026-01-27T03:43:12","slug":"akrapovic-slip-on-line-titan-fuer-bmw-x6-m-x6-m-competition-f96-opf-gpf-3","status":"publish","type":"product","link":"https:\/\/wagenthaler.com\/shop\/akrapovic-slip-on-line-titan-fuer-bmw-x6-m-x6-m-competition-f96-opf-gpf-3\/","title":{"rendered":"Akrapovi\u010d Slip-On Line (Titan) f\u00fcr BMW X6 M \/ X6 M Competition (F96) &#8211; OPF\/GPF"},"content":{"rendered":"<p>Mit einem unverwechselbaren Klang beim Schalten durch die G\u00e4nge, gepaart mit verbesserter Leistung und verbessertem Drehmoment, alles integriert in einem Voll-Titansystem, bietet die Slip-On Line Abgasanlage aus <strong>Titan <\/strong>das echte Akrapovi\u010d Erlebnis und erf\u00fcllt gleichzeitig die <strong>ECE-Typgenehmigung<\/strong>. Das aus leichten hochwertigen Titanlegierungen hergestellte und mit zwei Sets von <strong>Karbon<\/strong>\/Titan-Endrohren veredelte System verf\u00fcgt \u00fcber komplexe Teile, die in der hauseigenen Titangie\u00dferei gefertigt werden, darunter die Ventilgeh\u00e4use und der Kollektor zwischen dem Mittelschalld\u00e4mpfer und den Endrohren. Zwei Ventile \u2013 eines auf jeder Seite des Schalld\u00e4mpfers \u2013 passen den Gasfluss so an, dass der unverwechselbare Akrapovi\u010d Klang entsteht, der sich deutlich von dem des X5M mit Seriensystem unterscheidet. Der Klang der Abgasanlage ist am deutlichsten bei den Gangwechseln und beim Beschleunigen wahrnehmbar. Mit dem optionalen <strong>Akrapovi\u010d Sound Kit<\/strong> kann das noch weiter kontrolliert und der H\u00f6rgenuss verbessert werden. Akrapovi\u010d hat bei einem Vergleichstest auf dem Akrapovi\u010d Pr\u00fcfstand mit einem BMW X5M mit einer serienm\u00e4\u00dfigen M Sportabgasanlage eine Leistungssteigerung von 12,1 PS bei 2.400 U\/min und eine Drehmomentsteigerung von 35,4 Nm bei 2.400 U\/min gemessen. Es besteht au\u00dferdem die M\u00f6glichkeit f\u00fcr ein weiteres Tuning der Abgasanlage durch das Hinzuf\u00fcgen des optionalen Evolution Link pipe set aus Titan. Die Verwendung des Link-Rohrsatzes ver\u00e4ndert den Gasfluss und entlockt dem Slip-On Line System aus Titan den bestm\u00f6glichen Klang. Zus\u00e4tzlich hat Akrapovi\u010d Zubeh\u00f6rteile entworfen, die das sch\u00f6ne Finish der Systemendrohre zu unterstreichen. Mit einem aus <strong>Karbon handgefertigten Diffusor<\/strong>\u00a0in matter und gl\u00e4nzender Ausf\u00fchrung kann dem visuellen Erlebnis eine besondere Note verliehen werden.<\/p>\n<p>Nach der Installation des Evolution Link pipe set ist die ECE-Typgenehmigung der Slip-On-Line Abgasanlage aus Titan nicht mehr g\u00fcltig, eine Neuprogrammierung des Steuerger\u00e4ts ist bei diesem Einbau obligatorisch.<\/p>\n<p>Nach der Installation des Akrapovi\u010d Sound Kit ist die ECE-Typgenehmigung der Slip-On-Line Abgasanlage aus Titan nicht mehr g\u00fcltig.<\/p>\n<p>F\u00fcr Fahrzeuge ohne Ottopartikelfilter ist die ECE-Typgenehmigungsbescheinigung nicht g\u00fcltig.<\/p>\n<p>F\u00fcr die Installation des Slip-On-Systems muss die Serien-Abgasanlage abgeschnitten werden. Bitte lesen Sie die Hinweise vor Montagebeginn sorgf\u00e4ltig.<br \/><\/br\/><\/p>\n<p><strong>Dieses Produkt passt nicht auf das Facelift-Modell 2023.<\/strong><br \/><\/br\/><\/p>\n","protected":false},"excerpt":{"rendered":"<p>Mit einem unverwechselbaren Klang beim Schalten durch die G\u00e4nge, gepaart mit verbesserter Leistung und verbessertem Drehmoment, alles integriert in einem Voll-Titansystem, bietet die Slip-On Line Abgasanlage aus Titan das echte Akrapovi\u010d Erlebnis und erf\u00fcllt gleichzeitig die ECE-Typgenehmigung. Das aus leichten hochwertigen Titanlegierungen hergestellte und mit zwei Sets von Karbon\/Titan-Endrohren veredelte System verf\u00fcgt \u00fcber komplexe Teile, [&hellip;]<\/p>\n","protected":false},"featured_media":3707,"comment_status":"open","ping_status":"closed","template":"","meta":[],"product_brand":[],"product_cat":[16,17],"product_tag":[],"class_list":{"0":"post-3749","1":"product","2":"type-product","3":"status-publish","4":"has-post-thumbnail","6":"product_cat-akrapovic-auspuffanlagen","7":"product_cat-bmw","9":"first","10":"instock","11":"sale","12":"taxable","13":"shipping-taxable","14":"purchasable","15":"product-type-simple"},"_links":{"self":[{"href":"https:\/\/wagenthaler.com\/shop\/wp-json\/wp\/v2\/product\/3749","targetHints":{"allow":["GET"]}}],"collection":[{"href":"https:\/\/wagenthaler.com\/shop\/wp-json\/wp\/v2\/product"}],"about":[{"href":"https:\/\/wagenthaler.com\/shop\/wp-json\/wp\/v2\/types\/product"}],"replies":[{"embeddable":true,"href":"https:\/\/wagenthaler.com\/shop\/wp-json\/wp\/v2\/comments?post=3749"}],"wp:featuredmedia":[{"embeddable":true,"href":"https:\/\/wagenthaler.com\/shop\/wp-json\/wp\/v2\/media\/3707"}],"wp:attachment":[{"href":"https:\/\/wagenthaler.com\/shop\/wp-json\/wp\/v2\/media?parent=3749"}],"wp:term":[{"taxonomy":"product_brand","embeddable":true,"href":"https:\/\/wagenthaler.com\/shop\/wp-json\/wp\/v2\/product_brand?post=3749"},{"taxonomy":"product_cat","embeddable":true,"href":"https:\/\/wagenthaler.com\/shop\/wp-json\/wp\/v2\/product_cat?post=3749"},{"taxonomy":"product_tag","embeddable":true,"href":"https:\/\/wagenthaler.com\/shop\/wp-json\/wp\/v2\/product_tag?post=3749"}],"curies":[{"name":"wp","href":"https:\/\/api.w.org\/{rel}","templated":true}]}}