{"id":3755,"date":"2026-01-27T04:43:47","date_gmt":"2026-01-27T03:43:47","guid":{"rendered":"https:\/\/shop.wagenthaler.com\/produkt\/akrapovic-evolution-link-pipe-set-titan-fuer-bmw-xm-g09\/"},"modified":"2026-01-27T04:44:10","modified_gmt":"2026-01-27T03:44:10","slug":"akrapovic-evolution-link-pipe-set-titan-fuer-bmw-xm-g09","status":"publish","type":"product","link":"https:\/\/wagenthaler.com\/shop\/akrapovic-evolution-link-pipe-set-titan-fuer-bmw-xm-g09\/","title":{"rendered":"Akrapovi\u010d Evolution Link Pipe Set (Titan) f\u00fcr BMW XM (G09)"},"content":{"rendered":"<p>Dieses Produkt wurde entwickelt, um das Leistungspotenzial der Akrapovi\u010d Slip-On Line (Titanium) Abgasanlage zu erh\u00f6hen. Es ist aus hochwertigem, leichtem Titan gefertigt. Das System ist 18,2 kg (63,5 %) leichter als die serienm\u00e4\u00dfige Anlage. Bei der Installation werden die serienm\u00e4\u00dfigen OPFs oder der zweite Katalysatorsatz bei Fahrzeugen ohne OPF entfernt.<br \/>In Kombination mit der Slip-On Line (Titanium) bietet sie einen Leistungs- und Drehmomentzuwachs von 25,8 kW (35,0 PS) bzw. 47,7 Nm, beides bei 5.150 U\/min, getestet auf dem Akrapovi\u010d-Pr\u00fcfstand gegen einen BMW XM Label mit einer M Abgasanlage. Eine spezielle X-Verbindung, die in der hauseigenen Gie\u00dferei gegossen wurde, erm\u00f6glicht die Vermischung der Abgase von beiden Seiten des Motors und sorgt so f\u00fcr einen noch sportlicheren Sound.\u00a0<\/br\/><\/p>\n<p>Bei OPF-Fahrzeugen ist eine Neuprogrammierung des Steuerger\u00e4ts obligatorisch, um m\u00f6gliche Warnsignale der Motorkontrollleuchte zu verhindern. Bei Nicht-OPF-Fahrzeugen ist keine ECU-Neuzuordnung erforderlich.<\/p>\n<p>Dieses Produkt wurde ausschlie\u00dflich f\u00fcr den Einsatz auf geschlossenen Rennstrecken entwickelt. Mit dem Einbau des Evolution Link Pipe Set (Titanium) erlischt die EG\/ECE-Typgenehmigung f\u00fcr die Slip-On Line (Titanium).<\/p>\n<p>DIESES PRODUKT ERF\u00dcLLT NICHT DIE EINZUHALTENDEN ABGASNORMEN IM STRASSENGEBRAUCH<\/p>\n<p><\/br\/><\/p>\n","protected":false},"excerpt":{"rendered":"<p>Dieses Produkt wurde entwickelt, um das Leistungspotenzial der Akrapovi\u010d Slip-On Line (Titanium) Abgasanlage zu erh\u00f6hen. Es ist aus hochwertigem, leichtem Titan gefertigt. Das System ist 18,2 kg (63,5 %) leichter als die serienm\u00e4\u00dfige Anlage. Bei der Installation werden die serienm\u00e4\u00dfigen OPFs oder der zweite Katalysatorsatz bei Fahrzeugen ohne OPF entfernt.In Kombination mit der Slip-On Line [&hellip;]<\/p>\n","protected":false},"featured_media":3756,"comment_status":"open","ping_status":"closed","template":"","meta":[],"product_brand":[],"product_cat":[18,17],"product_tag":[],"class_list":{"0":"post-3755","1":"product","2":"type-product","3":"status-publish","4":"has-post-thumbnail","6":"product_cat-akrapovic-zubehoer","7":"product_cat-bmw","9":"first","10":"instock","11":"taxable","12":"shipping-taxable","13":"purchasable","14":"product-type-simple"},"_links":{"self":[{"href":"https:\/\/wagenthaler.com\/shop\/wp-json\/wp\/v2\/product\/3755","targetHints":{"allow":["GET"]}}],"collection":[{"href":"https:\/\/wagenthaler.com\/shop\/wp-json\/wp\/v2\/product"}],"about":[{"href":"https:\/\/wagenthaler.com\/shop\/wp-json\/wp\/v2\/types\/product"}],"replies":[{"embeddable":true,"href":"https:\/\/wagenthaler.com\/shop\/wp-json\/wp\/v2\/comments?post=3755"}],"wp:featuredmedia":[{"embeddable":true,"href":"https:\/\/wagenthaler.com\/shop\/wp-json\/wp\/v2\/media\/3756"}],"wp:attachment":[{"href":"https:\/\/wagenthaler.com\/shop\/wp-json\/wp\/v2\/media?parent=3755"}],"wp:term":[{"taxonomy":"product_brand","embeddable":true,"href":"https:\/\/wagenthaler.com\/shop\/wp-json\/wp\/v2\/product_brand?post=3755"},{"taxonomy":"product_cat","embeddable":true,"href":"https:\/\/wagenthaler.com\/shop\/wp-json\/wp\/v2\/product_cat?post=3755"},{"taxonomy":"product_tag","embeddable":true,"href":"https:\/\/wagenthaler.com\/shop\/wp-json\/wp\/v2\/product_tag?post=3755"}],"curies":[{"name":"wp","href":"https:\/\/api.w.org\/{rel}","templated":true}]}}