{"id":41645,"date":"2026-02-22T18:28:19","date_gmt":"2026-02-22T17:28:19","guid":{"rendered":"https:\/\/wagenthaler.com\/shop\/kw-v3-clubsport-gewindefahrwerk-fuer-porsche-968-06-1991-11-1995\/"},"modified":"2026-02-22T18:33:49","modified_gmt":"2026-02-22T17:33:49","slug":"kw-v3-clubsport-gewindefahrwerk-fuer-porsche-968-06-1991-11-1995","status":"publish","type":"product","link":"https:\/\/wagenthaler.com\/shop\/kw-v3-clubsport-gewindefahrwerk-fuer-porsche-968-06-1991-11-1995\/","title":{"rendered":"KW V3 Clubsport Gewindefahrwerk f\u00fcr PORSCHE 968 06\/1991-11\/1995"},"content":{"rendered":"<p><b>Durch einen kompromisslosen Technologietransfer vom Rennsport auf die Stra\u00dfe \u00fcberzeugen die KW Clubsport Gewindefahrwerke.<\/b><br \/>Die KW Clubsport Gewindefahrwerke \u00fcberzeugen durch ihre kompromisslose Kombination von High-End-Rennsporttechnologie mit wartungsfreien KW Erstausr\u00fcsterkomponenten und Gutachten.<br \/>Dadurch erhalten Sie das ideale Zubeh\u00f6r, um bei Trackdays, Sportfahrerlehrg\u00e4ngen, Touristenfahrten auf Grand-Prix-Kursen und auf der N\u00fcrburgring Nordschleife das volle Potential Ihres Sportwagens aussch\u00f6pfen zu k\u00f6nnen.<\/p>\n<p>Entwickelt f\u00fcr die h\u00e4rteste Rennstrecke der Welt: Die N\u00fcrburgring Nordschleife<br \/>Bereits in ihrer Grundabstimmung sind die KW Clubsport Gewindefahrwerke auf die unterschiedlichen Streckenbel\u00e4ge, Steilkurven, Sprungh\u00fcgel und Schikanen der 20,8 Kilometer langen N\u00fcrburgring Nordschleife abgestimmt. Schlie\u00dflich sind wir als einer der erfolgreichsten Fahrwerkhersteller und Ausr\u00fcster im Motorsport auf der Nordschleife zu Hause.<br \/>Allein in der VLN-Langstreckenmeisterschaft r\u00fcsten wir \u00fcber 70 Rennteams aus und konnten als Fahrwerkhersteller innerhalb von zehn Jahren sechs Gesamtsiege beim ADAC Zurich 24h-Rennen N\u00fcrburgring unterst\u00fctzen. Auch der Gewinner der ADAC GT Masters 2011 vertraut auf unser Rennsport-Knowhow, von dem die KW Clubsport Gewindefahrwerke profitieren.<br \/>Das perfekt auf die Nordschleife abgestimmte Grundsetup der KW V3 Clubsport und KW V4 Clubsport mit separatem Ausgleichsbeh\u00e4lter erlaubt Ihnen durch die vielz\u00e4hligen Einstellm\u00f6glichkeiten Ihren Sportwagen auf das gew\u00fcnschte Sportreifensetup noch individueller abzustimmen. Je nach Fahrzeug bieten wir die Clubsport-Fahrwerke auch in Upside-Down-Bauweise an. Hier befindet sich die Kolbenstange unten. Diese umgekehrte Bauweise sorgt f\u00fcr eine pr\u00e4zisere Lenkung und mehr Stabilit\u00e4t sowie Sicherheit. Das kommt vor allem Fahrzeugen zugute, die auf der Rennstrecke hohen Seitenf\u00fchrungskr\u00e4ften ausgesetzt sind.<\/p>\n<p>Neben optional erh\u00e4ltlichen einstellbaren St\u00fctzlagern k\u00f6nnen Sie bei den KW Clubsport Gewindefahrwerken die D\u00e4mpferkr\u00e4fte unabh\u00e4ngig in der Zug- und Druckstufe mit den integrierten Einstellr\u00e4dchen anpassen.<\/p>\n<p>KW V3 Clubsport Gewindefahrwerk Technik wie im Rennsport<br \/>Mit den Einstellr\u00e4dchen f\u00fcr die Zugkraftabstimmung k\u00f6nnen Sie mit 16 exakten Klicks das empfohlene Grundsetup f\u00fcr Ihren Sportwagen und Ihre individuell installierten Performance-Komponenten feinabstimmen. So k\u00f6nnen Sie direkten Einfluss auf ge\u00e4nderte Radlasten nehmen, um beispielsweise Karosserieaufbaubewegungen zu beeinflussen. Getrennt von der Zugstufenabstimmung ist es mit dem KW V3 Clubsport m\u00f6glich, die Druckstufe mit zw\u00f6lf exakten Klicks im Lowspeed-Bereich auf Ihre Anforderungen, wie etwa dem verwendeten Sportreifen einzustellen.<br \/>Diese Einstellm\u00f6glichkeiten erm\u00f6glichen es Ihnen, individuelle Setups passend zum Fahrzeuggewicht, der Sportreifencharakteristik, Streckenbeschaffenheit und Einsatzbedingungen zu ber\u00fccksichtigen.<\/p>\n<p>&#8211; in Zug- und Druckd\u00e4mpfung frei einstellbare D\u00e4mpfungstechnik<br \/>&#8211; Edelstahltechnik &#8222;inox-line&#8220;<br \/>&#8211; stufenlose Tieferlegung<br \/>&#8211; gepr\u00fcfter Verstellbereich<br \/>&#8211; hochwertige Bauteile f\u00fcr lange Lebensdauer<br \/>&#8211; einstellbare Zugstufend\u00e4mpfung mit 16 exakten Klicks<br \/>&#8211; einstellbare Druckstufend\u00e4mpfung mit 12 exakten Klicks<br \/>&#8211; einzigartige, unabh\u00e4ngig voneinander wirkende D\u00e4mpfungskraftverstellung<br \/>&#8211; optional mit Aluminium-Unibal-St\u00fctzlager erh\u00e4ltlich.<\/p>\n<p>Setup: Einsatzbereich und D\u00e4mpferabstimmung<br \/>Die KW V3 Clubsport Gewindefahrwerke \u00fcberzeugen durch ihre fahrzeugspezifische Abstimmung f\u00fcr Trackday-Veranstaltungen auf der N\u00fcrburgring Nordschleife, sowie durch die M\u00f6glichkeit, diese Fahrwerke schnell auch auf andere Rennstrecken und auf individuelle Performance-Sportwagen weiter abzustimmen.<\/p>\n","protected":false},"excerpt":{"rendered":"<p>Maximale Performance im <strong>PORSCHE<\/strong>. Pr\u00e4zises Handling, voll einstellbar.<\/p>\n<ul class='kw-specs'>\n<li><strong>Tieferlegung:<\/strong> VA 25-55mm \/ HA 15-45 mm<\/li>\n<li><strong>Material:<\/strong> Edelstahl<\/li>\n<\/ul>\n<p><em>Jetzt konfigurieren!<\/em><\/p>\n","protected":false},"featured_media":25004,"comment_status":"open","ping_status":"closed","template":"","meta":[],"product_brand":[],"product_cat":[50,20],"product_tag":[],"class_list":{"0":"post-41645","1":"product","2":"type-product","3":"status-publish","4":"has-post-thumbnail","6":"product_cat-kw-gewindefahrwerke","7":"product_cat-porsche","9":"first","10":"onbackorder","11":"taxable","12":"shipping-taxable","13":"purchasable","14":"product-type-variable"},"_links":{"self":[{"href":"https:\/\/wagenthaler.com\/shop\/wp-json\/wp\/v2\/product\/41645","targetHints":{"allow":["GET"]}}],"collection":[{"href":"https:\/\/wagenthaler.com\/shop\/wp-json\/wp\/v2\/product"}],"about":[{"href":"https:\/\/wagenthaler.com\/shop\/wp-json\/wp\/v2\/types\/product"}],"replies":[{"embeddable":true,"href":"https:\/\/wagenthaler.com\/shop\/wp-json\/wp\/v2\/comments?post=41645"}],"wp:featuredmedia":[{"embeddable":true,"href":"https:\/\/wagenthaler.com\/shop\/wp-json\/wp\/v2\/media\/25004"}],"wp:attachment":[{"href":"https:\/\/wagenthaler.com\/shop\/wp-json\/wp\/v2\/media?parent=41645"}],"wp:term":[{"taxonomy":"product_brand","embeddable":true,"href":"https:\/\/wagenthaler.com\/shop\/wp-json\/wp\/v2\/product_brand?post=41645"},{"taxonomy":"product_cat","embeddable":true,"href":"https:\/\/wagenthaler.com\/shop\/wp-json\/wp\/v2\/product_cat?post=41645"},{"taxonomy":"product_tag","embeddable":true,"href":"https:\/\/wagenthaler.com\/shop\/wp-json\/wp\/v2\/product_tag?post=41645"}],"curies":[{"name":"wp","href":"https:\/\/api.w.org\/{rel}","templated":true}]}}